Last updated on 2024-04-19 11:56:49 CEST.
Flavor | Version | Tinstall | Tcheck | Ttotal | Status | Flags |
---|---|---|---|---|---|---|
r-devel-linux-x86_64-debian-clang | 2.0-2 | 2.71 | 56.91 | 59.62 | NOTE | |
r-devel-linux-x86_64-debian-gcc | 2.0-2 | NOTE | ||||
r-devel-linux-x86_64-fedora-clang | 2.0-2 | 76.80 | NOTE | |||
r-devel-linux-x86_64-fedora-gcc | 2.0-2 | 84.57 | NOTE | |||
r-prerel-macos-arm64 | 2.0-2 | 30.00 | NOTE | |||
r-prerel-windows-x86_64 | 2.0-2 | 4.00 | 56.00 | 60.00 | NOTE | |
r-patched-linux-x86_64 | 2.0-2 | 4.65 | 54.51 | 59.16 | NOTE | |
r-release-linux-x86_64 | 2.0-2 | 4.03 | 51.85 | 55.88 | OK | |
r-release-macos-arm64 | 2.0-2 | 29.00 | OK | |||
r-release-macos-x86_64 | 2.0-2 | 44.00 | OK | |||
r-release-windows-x86_64 | 2.0-2 | 6.00 | 61.00 | 67.00 | OK | |
r-oldrel-macos-arm64 | 2.0-2 | 25.00 | OK | |||
r-oldrel-windows-x86_64 | 2.0-2 | 6.00 | 68.00 | 74.00 | OK |
Version: 2.0-2
Check: Rd files
Result: NOTE
prepare_Rd: NEWS.Rd:58: Dropping empty section ‘kelvin INITIAL VERSION 1.0-0 (2012-05-30)’
Flavors: r-devel-linux-x86_64-debian-clang, r-devel-linux-x86_64-debian-gcc, r-devel-linux-x86_64-fedora-clang, r-devel-linux-x86_64-fedora-gcc, r-prerel-macos-arm64, r-prerel-windows-x86_64, r-patched-linux-x86_64