CRAN Package Check Results for Package kamila

Last updated on 2022-06-25 10:53:06 CEST.

Flavor Version Tinstall Tcheck Ttotal Status Flags
r-devel-linux-x86_64-debian-clang 0.1.2 21.24 37.04 58.28 OK
r-devel-linux-x86_64-debian-gcc 0.1.2 17.80 28.80 46.60 OK
r-devel-linux-x86_64-fedora-clang 0.1.2 97.33 WARN
r-devel-linux-x86_64-fedora-gcc 0.1.2 83.22 WARN
r-devel-windows-x86_64 0.1.2 30.00 84.00 114.00 OK
r-patched-linux-x86_64 0.1.2 15.96 36.50 52.46 OK
r-release-linux-x86_64 0.1.2 18.86 36.64 55.50 OK
r-release-macos-arm64 0.1.2 23.00 OK
r-release-macos-x86_64 0.1.2 34.00 OK
r-release-windows-x86_64 0.1.2 30.00 90.00 120.00 OK
r-oldrel-macos-arm64 0.1.2 28.00 OK
r-oldrel-macos-x86_64 0.1.2 47.00 OK
r-oldrel-windows-ix86+x86_64 0.1.2 53.00 86.00 139.00 OK

Check Details

Version: 0.1.2
Check: package dependencies
Result: WARN
    Requires orphaned package: ‘gtools’
Flavors: r-devel-linux-x86_64-fedora-clang, r-devel-linux-x86_64-fedora-gcc