CRAN Package Check Results for Package kader

Last updated on 2022-06-24 11:52:10 CEST.

Flavor Version Tinstall Tcheck Ttotal Status Flags
r-devel-linux-x86_64-debian-clang 0.0.8 2.60 37.62 40.22 NOTE
r-devel-linux-x86_64-debian-gcc 0.0.8 1.72 28.62 30.34 NOTE
r-devel-linux-x86_64-fedora-clang 0.0.8 60.96 NOTE
r-devel-linux-x86_64-fedora-gcc 0.0.8 59.79 NOTE
r-devel-windows-x86_64 0.0.8 13.00 74.00 87.00 NOTE
r-patched-linux-x86_64 0.0.8 2.50 37.28 39.78 NOTE
r-release-linux-x86_64 0.0.8 2.56 36.29 38.85 NOTE
r-release-macos-arm64 0.0.8 22.00 NOTE
r-release-macos-x86_64 0.0.8 30.00 NOTE
r-release-windows-x86_64 0.0.8 15.00 76.00 91.00 NOTE
r-oldrel-macos-arm64 0.0.8 23.00 NOTE
r-oldrel-macos-x86_64 0.0.8 41.00 NOTE
r-oldrel-windows-ix86+x86_64 0.0.8 6.00 73.00 79.00 NOTE

Check Details

Version: 0.0.8
Check: LazyData
Result: NOTE
     'LazyData' is specified without a 'data' directory
Flavors: r-devel-linux-x86_64-debian-clang, r-devel-linux-x86_64-debian-gcc, r-devel-linux-x86_64-fedora-clang, r-devel-linux-x86_64-fedora-gcc, r-devel-windows-x86_64, r-patched-linux-x86_64, r-release-linux-x86_64, r-release-macos-arm64, r-release-macos-x86_64, r-release-windows-x86_64, r-oldrel-macos-arm64, r-oldrel-macos-x86_64, r-oldrel-windows-ix86+x86_64