Last updated on 2022-07-02 12:53:06 CEST.
Flavor | Version | Tinstall | Tcheck | Ttotal | Status | Flags |
---|---|---|---|---|---|---|
r-devel-linux-x86_64-debian-clang | 0.2.4 | 7.26 | 95.38 | 102.64 | OK | |
r-devel-linux-x86_64-debian-gcc | 0.2.4 | 4.77 | 72.37 | 77.14 | OK | |
r-devel-linux-x86_64-fedora-clang | 0.2.4 | 129.68 | NOTE | |||
r-devel-linux-x86_64-fedora-gcc | 0.2.4 | 130.20 | OK | |||
r-devel-windows-x86_64 | 0.2.4 | 56.00 | 137.00 | 193.00 | OK | |
r-patched-linux-x86_64 | 0.2.4 | 4.32 | 92.19 | 96.51 | OK | |
r-release-linux-x86_64 | 0.2.4 | 4.08 | 92.69 | 96.77 | OK | |
r-release-macos-arm64 | 0.2.4 | 43.00 | OK | |||
r-release-macos-x86_64 | 0.2.4 | 52.00 | OK | |||
r-release-windows-x86_64 | 0.2.4 | 46.00 | 137.00 | 183.00 | OK | |
r-oldrel-macos-arm64 | 0.2.4 | 38.00 | OK | |||
r-oldrel-macos-x86_64 | 0.2.4 | 54.00 | OK | |||
r-oldrel-windows-ix86+x86_64 | 0.2.4 | 14.00 | 144.00 | 158.00 | OK |
Version: 0.2.4
Check: Rd cross-references
Result: NOTE
Undeclared package ‘ggplot2’ in Rd xrefs
Flavor: r-devel-linux-x86_64-fedora-clang