CRAN Package Check Results for Package juicr

Last updated on 2022-07-01 11:52:03 CEST.

Flavor Version Tinstall Tcheck Ttotal Status Flags
r-devel-linux-x86_64-debian-clang 0.1 9.11 74.83 83.94 OK
r-devel-linux-x86_64-debian-gcc 0.1 6.69 56.60 63.29 OK
r-devel-linux-x86_64-fedora-clang 0.1 110.24 OK
r-devel-linux-x86_64-fedora-gcc 0.1 110.08 OK
r-devel-windows-x86_64 0.1 31.00 89.00 120.00 OK
r-patched-linux-x86_64 0.1 10.29 81.84 92.13 OK
r-release-linux-x86_64 0.1 10.24 82.97 93.21 OK
r-release-macos-arm64 0.1 59.00 OK
r-release-macos-x86_64 0.1 85.00 OK
r-release-windows-x86_64 0.1 36.00 89.00 125.00 OK
r-oldrel-macos-arm64 0.1 51.00 NOTE
r-oldrel-macos-x86_64 0.1 79.00 OK
r-oldrel-windows-ix86+x86_64 0.1 19.00 85.00 104.00 OK

Check Details

Version: 0.1
Check: package dependencies
Result: NOTE
    Package suggested but not available for checking: ‘EBImage’
Flavor: r-oldrel-macos-arm64