Last updated on 2022-07-05 11:49:56 CEST.
Flavor | Version | Tinstall | Tcheck | Ttotal | Status | Flags |
---|---|---|---|---|---|---|
r-devel-linux-x86_64-debian-clang | 0.1.3 | 1.67 | 21.06 | 22.73 | NOTE | |
r-devel-linux-x86_64-debian-gcc | 0.1.3 | 1.34 | 16.85 | 18.19 | NOTE | |
r-devel-linux-x86_64-fedora-clang | 0.1.3 | 39.23 | NOTE | |||
r-devel-linux-x86_64-fedora-gcc | 0.1.3 | 39.83 | NOTE | |||
r-devel-windows-x86_64 | 0.1.3 | 9.00 | 51.00 | 60.00 | NOTE | |
r-patched-linux-x86_64 | 0.1.3 | 2.00 | 20.95 | 22.95 | NOTE | |
r-release-linux-x86_64 | 0.1.3 | 1.77 | 20.75 | 22.52 | NOTE | |
r-release-macos-arm64 | 0.1.3 | 16.00 | NOTE | |||
r-release-macos-x86_64 | 0.1.3 | 22.00 | NOTE | |||
r-release-windows-x86_64 | 0.1.3 | 9.00 | 51.00 | 60.00 | NOTE | |
r-oldrel-macos-arm64 | 0.1.3 | 17.00 | NOTE | |||
r-oldrel-macos-x86_64 | 0.1.3 | 24.00 | NOTE | |||
r-oldrel-windows-ix86+x86_64 | 0.1.3 | 5.00 | 36.00 | 41.00 | NOTE |
Version: 0.1.3
Check: LazyData
Result: NOTE
'LazyData' is specified without a 'data' directory
Flavors: r-devel-linux-x86_64-debian-clang, r-devel-linux-x86_64-debian-gcc, r-devel-linux-x86_64-fedora-clang, r-devel-linux-x86_64-fedora-gcc, r-devel-windows-x86_64, r-patched-linux-x86_64, r-release-linux-x86_64, r-release-macos-arm64, r-release-macos-x86_64, r-release-windows-x86_64, r-oldrel-macos-arm64, r-oldrel-macos-x86_64, r-oldrel-windows-ix86+x86_64