CRAN Package Check Results for Package jsTreeR

Last updated on 2022-06-28 12:52:27 CEST.

Flavor Version Tinstall Tcheck Ttotal Status Flags
r-devel-linux-x86_64-debian-clang 2.0.0 5.47 50.22 55.69 OK
r-devel-linux-x86_64-debian-gcc 2.0.0 4.51 39.08 43.59 OK
r-devel-linux-x86_64-fedora-clang 2.0.0 80.15 NOTE
r-devel-linux-x86_64-fedora-gcc 2.0.0 83.05 NOTE
r-devel-windows-x86_64 2.0.0 655.00 94.00 749.00 OK
r-patched-linux-x86_64 2.0.0 4.41 48.35 52.76 OK
r-release-linux-x86_64 2.0.0 4.24 49.11 53.35 OK
r-release-macos-arm64 2.0.0 25.00 NOTE
r-release-macos-x86_64 2.0.0 36.00 NOTE
r-release-windows-x86_64 2.0.0 771.00 112.00 883.00 OK
r-oldrel-macos-arm64 2.0.0 27.00 NOTE
r-oldrel-macos-x86_64 2.0.0 35.00 NOTE
r-oldrel-windows-ix86+x86_64 2.0.0 18.00 81.00 99.00 OK

Check Details

Version: 2.0.0
Check: data for non-ASCII characters
Result: NOTE
     Note: found 17 marked UTF-8 strings
Flavors: r-devel-linux-x86_64-fedora-clang, r-devel-linux-x86_64-fedora-gcc, r-release-macos-arm64, r-release-macos-x86_64, r-oldrel-macos-arm64, r-oldrel-macos-x86_64