Last updated on 2024-04-18 12:52:48 CEST.
Flavor | Version | Tinstall | Tcheck | Ttotal | Status | Flags |
---|---|---|---|---|---|---|
r-devel-linux-x86_64-debian-clang | 0.4.3 | 15.03 | 63.78 | 78.81 | OK | |
r-devel-linux-x86_64-debian-gcc | 0.4.3 | 13.46 | 49.56 | 63.02 | OK | |
r-devel-linux-x86_64-fedora-clang | 0.4.3 | 104.91 | OK | |||
r-devel-linux-x86_64-fedora-gcc | 0.4.3 | 97.74 | OK | |||
r-prerel-macos-arm64 | 0.4.3 | 35.00 | OK | |||
r-prerel-macos-x86_64 | 0.4.3 | 92.00 | OK | |||
r-prerel-windows-x86_64 | 0.4.3 | 16.00 | 68.00 | 84.00 | OK | |
r-patched-linux-x86_64 | 0.4.3 | 15.17 | 64.16 | 79.33 | OK | |
r-release-linux-x86_64 | 0.4.3 | 15.34 | 63.10 | 78.44 | OK | |
r-release-macos-arm64 | 0.4.3 | 43.00 | OK | |||
r-release-macos-x86_64 | 0.4.3 | 79.00 | OK | |||
r-release-windows-x86_64 | 0.4.3 | 21.00 | 76.00 | 97.00 | OK | |
r-oldrel-macos-arm64 | 0.4.0 | 37.00 | OK | |||
r-oldrel-windows-x86_64 | 0.4.0 | 13.00 | 9.00 | 22.00 | ERROR |
Version: 0.4.0
Check: whether package can be installed
Result: ERROR
Installation failed.
Flavor: r-oldrel-windows-x86_64