CRAN Package Check Results for Package jointMeanCov

Last updated on 2022-07-07 12:55:26 CEST.

Flavor Version Tinstall Tcheck Ttotal Status Flags
r-devel-linux-x86_64-debian-clang 0.1.0 2.26 25.34 27.60 NOTE
r-devel-linux-x86_64-debian-gcc 0.1.0 2.02 19.92 21.94 NOTE
r-devel-linux-x86_64-fedora-clang 0.1.0 45.11 NOTE
r-devel-linux-x86_64-fedora-gcc 0.1.0 43.50 NOTE
r-devel-windows-x86_64 0.1.0 37.00 51.00 88.00 NOTE
r-patched-linux-x86_64 0.1.0 2.80 24.95 27.75 NOTE
r-release-linux-x86_64 0.1.0 2.19 24.83 27.02 NOTE
r-release-macos-arm64 0.1.0 15.00 NOTE
r-release-macos-x86_64 0.1.0 22.00 NOTE
r-release-windows-x86_64 0.1.0 39.00 52.00 91.00 NOTE
r-oldrel-macos-arm64 0.1.0 17.00 NOTE
r-oldrel-macos-x86_64 0.1.0 28.00 NOTE
r-oldrel-windows-ix86+x86_64 0.1.0 6.00 50.00 56.00 NOTE

Check Details

Version: 0.1.0
Check: LazyData
Result: NOTE
     'LazyData' is specified without a 'data' directory
Flavors: r-devel-linux-x86_64-debian-clang, r-devel-linux-x86_64-debian-gcc, r-devel-linux-x86_64-fedora-clang, r-devel-linux-x86_64-fedora-gcc, r-devel-windows-x86_64, r-patched-linux-x86_64, r-release-linux-x86_64, r-release-macos-arm64, r-release-macos-x86_64, r-release-windows-x86_64, r-oldrel-macos-arm64, r-oldrel-macos-x86_64, r-oldrel-windows-ix86+x86_64