CRAN Package Check Results for Package jointDiag

Last updated on 2025-05-28 11:48:28 CEST.

Flavor Version Tinstall Tcheck Ttotal Status Flags
r-devel-linux-x86_64-debian-clang 0.4 3.44 19.79 23.23 NOTE
r-devel-linux-x86_64-debian-gcc 0.4 2.55 15.32 17.87 NOTE
r-devel-linux-x86_64-fedora-clang 0.4 36.29 OK
r-devel-linux-x86_64-fedora-gcc 0.4 34.08 OK
r-devel-windows-x86_64 0.4 8.00 41.00 49.00 OK
r-patched-linux-x86_64 0.4 3.36 18.83 22.19 OK
r-release-linux-x86_64 0.4 2.84 18.77 21.61 OK
r-release-macos-arm64 0.4 16.00 OK
r-release-macos-x86_64 0.4 26.00 OK
r-release-windows-x86_64 0.4 7.00 45.00 52.00 OK
r-oldrel-macos-arm64 0.4 15.00 OK
r-oldrel-macos-x86_64 0.4 22.00 OK
r-oldrel-windows-x86_64 0.4 7.00 41.00 48.00 OK

Check Details

Version: 0.4
Check: CRAN incoming feasibility
Result: NOTE Maintainer: ‘Cedric Gouy-Pailler <cedric.gouypailler@gmail.com>’ No Authors@R field in DESCRIPTION. Please add one, modifying Authors@R: person(given = "Cedric", family = "Gouy-Pailler", role = c("aut", "cre"), email = "cedric.gouypailler@gmail.com") as necessary. Flavors: r-devel-linux-x86_64-debian-clang, r-devel-linux-x86_64-debian-gcc