Last updated on 2022-06-29 11:52:12 CEST.
Flavor | Version | Tinstall | Tcheck | Ttotal | Status | Flags |
---|---|---|---|---|---|---|
r-devel-linux-x86_64-debian-clang | 1.1.1 | 251.98 | 37.35 | 289.33 | OK | |
r-devel-linux-x86_64-debian-gcc | 1.1.1 | 207.07 | 29.10 | 236.17 | OK | |
r-devel-linux-x86_64-fedora-clang | 1.1.1 | 470.39 | NOTE | |||
r-devel-linux-x86_64-fedora-gcc | 1.1.1 | 404.87 | OK | |||
r-devel-windows-x86_64 | 1.1.1 | 204.00 | 88.00 | 292.00 | OK | |
r-patched-linux-x86_64 | 1.1.1 | 225.16 | 36.98 | 262.14 | OK | |
r-release-linux-x86_64 | 1.1.1 | 215.88 | 37.07 | 252.95 | OK | |
r-release-macos-arm64 | 1.1.1 | 86.00 | NOTE | |||
r-release-macos-x86_64 | 1.1.1 | 120.00 | NOTE | |||
r-release-windows-x86_64 | 1.1.1 | 213.00 | 90.00 | 303.00 | OK | |
r-oldrel-macos-arm64 | 1.1.1 | 88.00 | NOTE | |||
r-oldrel-macos-x86_64 | 1.1.1 | 188.00 | NOTE | |||
r-oldrel-windows-ix86+x86_64 | 1.1.1 | 657.00 | 95.00 | 752.00 | OK |
Version: 1.1.1
Check: installed package size
Result: NOTE
installed size is 6.1Mb
sub-directories of 1Mb or more:
data 1.1Mb
libs 4.9Mb
Flavors: r-devel-linux-x86_64-fedora-clang, r-release-macos-arm64, r-release-macos-x86_64, r-oldrel-macos-arm64, r-oldrel-macos-x86_64