CRAN Package Check Results for Package jmetrik

Last updated on 2025-04-29 12:52:39 CEST.

Flavor Version Tinstall Tcheck Ttotal Status Flags
r-devel-linux-x86_64-debian-clang 1.1 1.37 17.09 18.46 NOTE
r-devel-linux-x86_64-debian-gcc 1.1 1.17 14.40 15.57 NOTE
r-devel-linux-x86_64-fedora-clang 1.1 29.57 OK
r-devel-linux-x86_64-fedora-gcc 1.1 28.67 OK
r-devel-windows-x86_64 1.1 2.00 41.00 43.00 OK
r-patched-linux-x86_64 1.1 1.41 16.58 17.99 OK
r-release-linux-x86_64 1.1 1.63 16.65 18.28 OK
r-release-macos-arm64 1.1 17.00 OK
r-release-macos-x86_64 1.1 25.00 OK
r-release-windows-x86_64 1.1 2.00 45.00 47.00 OK
r-oldrel-macos-arm64 1.1 16.00 OK
r-oldrel-macos-x86_64 1.1 19.00 OK
r-oldrel-windows-x86_64 1.1 3.00 40.00 43.00 OK

Check Details

Version: 1.1
Check: CRAN incoming feasibility
Result: NOTE Maintainer: ‘J. Patrick Meyer <meyerjp3@gmail.com>’ No Authors@R field in DESCRIPTION. Please add one, modifying Authors@R: person(given = c("J.", "Patrick"), family = "Meyer", role = c("aut", "cre"), email = "support@itemanalysis.com") as necessary. Flavors: r-devel-linux-x86_64-debian-clang, r-devel-linux-x86_64-debian-gcc