Last updated on 2025-05-03 10:50:07 CEST.
Flavor | Version | Tinstall | Tcheck | Ttotal | Status | Flags |
---|---|---|---|---|---|---|
r-devel-linux-x86_64-debian-clang | 0.2.4 | 33.98 | 42.73 | 76.71 | NOTE | |
r-devel-linux-x86_64-debian-gcc | 0.2.4 | 25.35 | 30.85 | 56.20 | NOTE | |
r-devel-linux-x86_64-fedora-clang | 0.2.4 | 134.30 | NOTE | |||
r-devel-linux-x86_64-fedora-gcc | 0.2.4 | 158.10 | NOTE | |||
r-devel-windows-x86_64 | 0.2.4 | 41.00 | 89.00 | 130.00 | NOTE | |
r-patched-linux-x86_64 | 0.2.4 | 33.42 | 40.38 | 73.80 | NOTE | |
r-release-linux-x86_64 | NOTE | |||||
r-release-macos-arm64 | 0.2.4 | 56.00 | NOTE | |||
r-release-macos-x86_64 | 0.2.4 | 113.00 | NOTE | |||
r-release-windows-x86_64 | 0.2.4 | 42.00 | 86.00 | 128.00 | NOTE | |
r-oldrel-macos-arm64 | 0.2.4 | 42.00 | NOTE | |||
r-oldrel-macos-x86_64 | 0.2.4 | 80.00 | NOTE | |||
r-oldrel-windows-x86_64 | 0.2.4 | 48.00 | 105.00 | 153.00 | NOTE |
Version: 0.2.4
Check: C++ specification
Result: NOTE
Specified C++11: please drop specification unless essential
Flavors: r-devel-linux-x86_64-debian-clang, r-devel-linux-x86_64-debian-gcc, r-devel-linux-x86_64-fedora-clang, r-devel-linux-x86_64-fedora-gcc, r-devel-windows-x86_64, r-patched-linux-x86_64, r-release-linux-x86_64, r-release-macos-arm64, r-release-macos-x86_64, r-release-windows-x86_64, r-oldrel-macos-arm64, r-oldrel-macos-x86_64, r-oldrel-windows-x86_64
Version: 0.2.4
Check: installed package size
Result: NOTE
installed size is 5.9Mb
sub-directories of 1Mb or more:
libs 4.6Mb
Flavors: r-oldrel-macos-arm64, r-oldrel-macos-x86_64