Last updated on 2022-06-24 11:52:10 CEST.
Flavor | Version | Tinstall | Tcheck | Ttotal | Status | Flags |
---|---|---|---|---|---|---|
r-devel-linux-x86_64-debian-clang | 0.2.4 | 53.70 | 60.56 | 114.26 | OK | |
r-devel-linux-x86_64-debian-gcc | 0.2.4 | 41.15 | 47.66 | 88.81 | OK | |
r-devel-linux-x86_64-fedora-clang | 0.2.4 | 164.98 | OK | |||
r-devel-linux-x86_64-fedora-gcc | 0.2.4 | 150.99 | OK | |||
r-devel-windows-x86_64 | 0.2.4 | 49.00 | 105.00 | 154.00 | OK | |
r-patched-linux-x86_64 | 0.2.4 | 46.54 | 58.55 | 105.09 | OK | |
r-release-linux-x86_64 | 0.2.4 | 45.19 | 59.70 | 104.89 | OK | |
r-release-macos-arm64 | 0.2.4 | 40.00 | NOTE | |||
r-release-macos-x86_64 | 0.2.4 | 55.00 | NOTE | |||
r-release-windows-x86_64 | 0.2.4 | 52.00 | 100.00 | 152.00 | OK | |
r-oldrel-macos-arm64 | 0.2.4 | 43.00 | NOTE | |||
r-oldrel-macos-x86_64 | 0.2.4 | 77.00 | NOTE | |||
r-oldrel-windows-ix86+x86_64 | 0.2.4 | 119.00 | 118.00 | 237.00 | OK |
Version: 0.2.4
Check: installed package size
Result: NOTE
installed size is 6.0Mb
sub-directories of 1Mb or more:
libs 4.7Mb
Flavors: r-release-macos-arm64, r-release-macos-x86_64, r-oldrel-macos-arm64, r-oldrel-macos-x86_64