Last updated on 2024-04-23 10:54:06 CEST.
Flavor | Version | Tinstall | Tcheck | Ttotal | Status | Flags |
---|---|---|---|---|---|---|
r-devel-linux-x86_64-debian-clang | 1.5 | 187.23 | 33.69 | 220.92 | OK | |
r-devel-linux-x86_64-debian-gcc | 1.5 | 153.05 | 26.53 | 179.58 | OK | |
r-devel-linux-x86_64-fedora-clang | 1.5 | 335.00 | OK | |||
r-devel-linux-x86_64-fedora-gcc | 1.5 | 361.97 | OK | |||
r-prerel-macos-arm64 | 1.5 | 76.00 | NOTE | |||
r-prerel-windows-x86_64 | 1.5 | 148.00 | 83.00 | 231.00 | OK | |
r-patched-linux-x86_64 | 1.5 | 185.76 | 33.56 | 219.32 | OK | |
r-release-linux-x86_64 | 1.5 | 188.53 | 31.18 | 219.71 | OK | |
r-release-macos-arm64 | 1.5 | 85.00 | NOTE | |||
r-release-macos-x86_64 | 1.5 | 146.00 | NOTE | |||
r-release-windows-x86_64 | 1.5 | 140.00 | 91.00 | 231.00 | OK | |
r-oldrel-macos-arm64 | 1.5 | 69.00 | NOTE | |||
r-oldrel-windows-x86_64 | 1.5 | 174.00 | 88.00 | 262.00 | OK |
Version: 1.5
Check: installed package size
Result: NOTE
installed size is 12.9Mb
sub-directories of 1Mb or more:
libs 12.6Mb
Flavors: r-prerel-macos-arm64, r-release-macos-arm64, r-release-macos-x86_64, r-oldrel-macos-arm64