Last updated on 2024-04-23 10:54:06 CEST.
Flavor | Version | Tinstall | Tcheck | Ttotal | Status | Flags |
---|---|---|---|---|---|---|
r-devel-linux-x86_64-debian-clang | 0.11 | 82.33 | 66.07 | 148.40 | NOTE | |
r-devel-linux-x86_64-debian-gcc | 0.11 | 59.47 | 53.56 | 113.03 | NOTE | |
r-devel-linux-x86_64-fedora-clang | 0.11 | 210.97 | NOTE | |||
r-devel-linux-x86_64-fedora-gcc | 0.11 | 221.14 | NOTE | |||
r-prerel-macos-arm64 | 0.11 | 53.00 | NOTE | |||
r-prerel-windows-x86_64 | 0.11 | 59.00 | 108.00 | 167.00 | NOTE | |
r-patched-linux-x86_64 | 0.11 | 80.94 | 67.36 | 148.30 | NOTE | |
r-release-linux-x86_64 | 0.11 | 69.52 | 67.51 | 137.03 | NOTE | |
r-release-macos-arm64 | 0.11 | 61.00 | NOTE | |||
r-release-macos-x86_64 | 0.11 | 100.00 | NOTE | |||
r-release-windows-x86_64 | 0.11 | 74.00 | 115.00 | 189.00 | NOTE | |
r-oldrel-macos-arm64 | 0.11 | 58.00 | NOTE | |||
r-oldrel-windows-x86_64 | 0.11 | 76.00 | 112.00 | 188.00 | OK |
Version: 0.11
Check: C++ specification
Result: NOTE
Specified C++11: please drop specification unless essential
Flavors: r-devel-linux-x86_64-debian-clang, r-devel-linux-x86_64-debian-gcc, r-devel-linux-x86_64-fedora-clang, r-devel-linux-x86_64-fedora-gcc, r-prerel-macos-arm64, r-prerel-windows-x86_64, r-patched-linux-x86_64, r-release-linux-x86_64, r-release-macos-arm64, r-release-macos-x86_64, r-release-windows-x86_64
Version: 0.11
Check: installed package size
Result: NOTE
installed size is 5.5Mb
sub-directories of 1Mb or more:
libs 5.1Mb
Flavors: r-prerel-macos-arm64, r-release-macos-arm64, r-release-macos-x86_64, r-oldrel-macos-arm64