CRAN Package Check Results for Package jgcricolors

Last updated on 2023-02-02 11:54:05 CET.

Flavor Version Tinstall Tcheck Ttotal Status Flags
r-devel-linux-x86_64-debian-clang 1.0.0 1.96 47.03 48.99 OK
r-devel-linux-x86_64-debian-gcc 1.0.0 1.57 35.08 36.65 OK
r-devel-linux-x86_64-fedora-clang 1.0.0 62.63 NOTE
r-devel-linux-x86_64-fedora-gcc 1.0.0 73.52 NOTE
r-devel-windows-x86_64 1.0.0 8.00 82.00 90.00 OK
r-patched-linux-x86_64 1.0.0 2.53 45.69 48.22 OK
r-release-linux-x86_64 1.0.0 2.43 46.52 48.95 OK
r-release-macos-arm64 1.0.0 30.00 NOTE
r-release-macos-x86_64 1.0.0 48.00 NOTE
r-release-windows-x86_64 1.0.0 14.00 93.00 107.00 OK
r-oldrel-macos-arm64 1.0.0 30.00 NOTE
r-oldrel-macos-x86_64 1.0.0 35.00 NOTE
r-oldrel-windows-ix86+x86_64 1.0.0 7.00 69.00 76.00 OK

Check Details

Version: 1.0.0
Check: dependencies in R code
Result: NOTE
    Namespaces in Imports field not imported from:
     ‘RColorBrewer’ ‘ggplot2’ ‘knitr’ ‘markdown’
     All declared Imports should be used.
Flavors: r-devel-linux-x86_64-fedora-clang, r-devel-linux-x86_64-fedora-gcc, r-release-macos-arm64, r-release-macos-x86_64, r-oldrel-macos-arm64, r-oldrel-macos-x86_64