CRAN Package Check Results for Package jgcricolors

Last updated on 2022-06-28 12:52:27 CEST.

Flavor Version Tinstall Tcheck Ttotal Status Flags
r-devel-linux-x86_64-debian-clang 1.0.0 2.51 47.45 49.96 OK
r-devel-linux-x86_64-debian-gcc 1.0.0 2.08 35.05 37.13 OK
r-devel-linux-x86_64-fedora-clang 1.0.0 70.32 NOTE
r-devel-linux-x86_64-fedora-gcc 1.0.0 68.99 NOTE
r-devel-windows-x86_64 1.0.0 17.00 80.00 97.00 OK
r-patched-linux-x86_64 1.0.0 2.57 44.33 46.90 OK
r-release-linux-x86_64 1.0.0 1.81 44.28 46.09 OK
r-release-macos-arm64 1.0.0 30.00 NOTE
r-release-macos-x86_64 1.0.0 48.00 NOTE
r-release-windows-x86_64 1.0.0 15.00 74.00 89.00 OK
r-oldrel-macos-arm64 1.0.0 30.00 NOTE
r-oldrel-macos-x86_64 1.0.0 35.00 NOTE
r-oldrel-windows-ix86+x86_64 1.0.0 8.00 63.00 71.00 OK

Check Details

Version: 1.0.0
Check: dependencies in R code
Result: NOTE
    Namespaces in Imports field not imported from:
     ‘RColorBrewer’ ‘ggplot2’ ‘knitr’ ‘markdown’
     All declared Imports should be used.
Flavors: r-devel-linux-x86_64-fedora-clang, r-devel-linux-x86_64-fedora-gcc, r-release-macos-arm64, r-release-macos-x86_64, r-oldrel-macos-arm64, r-oldrel-macos-x86_64