CRAN Package Check Results for Package jarbes

Last updated on 2024-02-25 10:54:28 CET.

Flavor Version Tinstall Tcheck Ttotal Status Flags
r-devel-linux-x86_64-debian-clang 2.0.0 10.71 74.94 85.65 OK
r-devel-linux-x86_64-debian-gcc 2.0.0 8.59 57.56 66.15 OK
r-devel-linux-x86_64-fedora-clang 2.0.0 105.78 NOTE
r-devel-linux-x86_64-fedora-gcc 2.0.0 102.19 NOTE
r-devel-windows-x86_64 2.0.0 10.00 80.00 90.00 OK
r-patched-linux-x86_64 2.0.0 7.86 72.71 80.57 OK
r-release-linux-x86_64 2.0.0 6.20 72.74 78.94 OK
r-release-macos-arm64 2.0.0 33.00 OK
r-release-macos-x86_64 2.0.0 50.00 OK
r-release-windows-x86_64 2.0.0 13.00 90.00 103.00 OK
r-oldrel-macos-arm64 2.0.0 38.00 NOTE
r-oldrel-windows-x86_64 2.0.0 13.00 92.00 105.00 OK

Check Details

Version: 2.0.0
Check: dependencies in R code
Result: NOTE Namespaces in Imports field not imported from: ‘grid’ ‘mcmcplots’ ‘tidyverse’ All declared Imports should be used. Flavors: r-devel-linux-x86_64-fedora-clang, r-devel-linux-x86_64-fedora-gcc, r-oldrel-macos-arm64