CRAN Package Check Results for Package jackalope

Last updated on 2024-02-25 10:54:28 CET.

Flavor Version Tinstall Tcheck Ttotal Status Flags
r-devel-linux-x86_64-debian-clang 1.1.5 321.04 60.04 381.08 NOTE
r-devel-linux-x86_64-debian-gcc 1.1.5 259.30 46.94 306.24 NOTE
r-devel-linux-x86_64-fedora-clang 1.1.5 579.15 NOTE
r-devel-linux-x86_64-fedora-gcc 1.1.5 615.09 NOTE
r-devel-windows-x86_64 1.1.5 264.00 166.00 430.00 NOTE
r-patched-linux-x86_64 1.1.5 326.97 58.60 385.57 NOTE
r-release-linux-x86_64 1.1.5 307.18 58.08 365.26 NOTE
r-release-macos-arm64 1.1.5 116.00 NOTE
r-release-macos-x86_64 1.1.5 150.00 NOTE
r-release-windows-x86_64 1.1.5 334.00 195.00 529.00 NOTE
r-oldrel-macos-arm64 1.1.5 108.00 NOTE
r-oldrel-windows-x86_64 1.1.5 314.00 136.00 450.00 NOTE

Check Details

Version: 1.1.5
Check: for GNU extensions in Makefiles
Result: NOTE GNU make is a SystemRequirements. Flavors: r-devel-linux-x86_64-debian-clang, r-devel-linux-x86_64-debian-gcc, r-devel-linux-x86_64-fedora-clang, r-devel-linux-x86_64-fedora-gcc, r-devel-windows-x86_64, r-patched-linux-x86_64, r-release-linux-x86_64, r-release-macos-arm64, r-release-macos-x86_64, r-release-windows-x86_64, r-oldrel-macos-arm64, r-oldrel-windows-x86_64

Version: 1.1.5
Check: installed package size
Result: NOTE installed size is 13.3Mb sub-directories of 1Mb or more: art_profiles 1.5Mb libs 11.0Mb Flavors: r-devel-windows-x86_64, r-release-macos-arm64, r-release-macos-x86_64, r-release-windows-x86_64, r-oldrel-macos-arm64, r-oldrel-windows-x86_64