Last updated on 2022-07-01 11:52:03 CEST.
Flavor | Version | Tinstall | Tcheck | Ttotal | Status | Flags |
---|---|---|---|---|---|---|
r-devel-linux-x86_64-debian-clang | 0.2.1 | 829.01 | 206.05 | 1035.06 | OK | |
r-devel-linux-x86_64-debian-gcc | 0.2.1 | 669.94 | 157.41 | 827.35 | OK | |
r-devel-linux-x86_64-fedora-clang | 0.2.1 | 1590.54 | NOTE | |||
r-devel-linux-x86_64-fedora-gcc | 0.2.1 | 1385.04 | OK | |||
r-devel-windows-x86_64 | 0.2.1 | 749.00 | 338.00 | 1087.00 | OK | |
r-patched-linux-x86_64 | 0.2.1 | 720.14 | 203.60 | 923.74 | OK | |
r-release-linux-x86_64 | 0.2.1 | 708.75 | 199.27 | 908.02 | OK | |
r-release-macos-arm64 | 0.2.1 | 332.00 | NOTE | |||
r-release-macos-x86_64 | 0.2.1 | 467.00 | NOTE | |||
r-release-windows-x86_64 | 0.2.1 | 609.00 | 348.00 | 957.00 | OK | |
r-oldrel-macos-arm64 | 0.2.1 | 287.00 | NOTE | |||
r-oldrel-macos-x86_64 | 0.2.1 | 445.00 | NOTE | |||
r-oldrel-windows-ix86+x86_64 | 0.2.1 | 2048.00 | 731.00 | 2779.00 | NOTE |
Version: 0.2.1
Check: installed package size
Result: NOTE
installed size is 24.4Mb
sub-directories of 1Mb or more:
libs 22.9Mb
Flavors: r-devel-linux-x86_64-fedora-clang, r-release-macos-arm64, r-release-macos-x86_64, r-oldrel-macos-arm64, r-oldrel-macos-x86_64, r-oldrel-windows-ix86+x86_64
Version: 0.2.1
Check: package dependencies
Result: NOTE
Package suggested but not available for checking: ‘boral’
Flavor: r-release-macos-x86_64