Last updated on 2024-04-23 10:54:06 CEST.
Flavor | Version | Tinstall | Tcheck | Ttotal | Status | Flags |
---|---|---|---|---|---|---|
r-devel-linux-x86_64-debian-clang | 0.2.6 | 1135.05 | 348.71 | 1483.76 | NOTE | |
r-devel-linux-x86_64-debian-gcc | 0.2.6 | 889.35 | 254.48 | 1143.83 | NOTE | |
r-devel-linux-x86_64-fedora-clang | 0.2.6 | 2353.03 | NOTE | |||
r-devel-linux-x86_64-fedora-gcc | 0.2.6 | 2404.95 | NOTE | |||
r-prerel-macos-arm64 | 0.2.6 | 377.00 | NOTE | |||
r-prerel-windows-x86_64 | 0.2.6 | 856.00 | 393.00 | 1249.00 | NOTE | |
r-patched-linux-x86_64 | 0.2.6 | 1069.12 | 331.75 | 1400.87 | NOTE | |
r-release-linux-x86_64 | 0.2.6 | 1101.15 | 342.51 | 1443.66 | OK | |
r-release-macos-arm64 | 0.2.6 | 372.00 | NOTE | |||
r-release-macos-x86_64 | 0.2.6 | 480.00 | NOTE | |||
r-release-windows-x86_64 | 0.2.6 | 1065.00 | 466.00 | 1531.00 | NOTE | |
r-oldrel-macos-arm64 | 0.2.6 | 355.00 | NOTE | |||
r-oldrel-windows-x86_64 | 0.2.6 | 1000.00 | 456.00 | 1456.00 | NOTE |
Version: 0.2.6
Check: Rd files
Result: NOTE
checkRd: (-1) jSDM_binomial_probit_long_format.Rd:45: Lost braces
45 | \code{species} \tab numeric or character eqn{n_{obs}}{n_obs}-length vector indicating the species observed, \cr
| ^
checkRd: (-1) jSDM_binomial_probit_long_format.Rd:45: Lost braces; missing escapes or markup?
45 | \code{species} \tab numeric or character eqn{n_{obs}}{n_obs}-length vector indicating the species observed, \cr
| ^
checkRd: (-1) jSDM_binomial_probit_long_format.Rd:45: Lost braces
45 | \code{species} \tab numeric or character eqn{n_{obs}}{n_obs}-length vector indicating the species observed, \cr
| ^
Flavors: r-devel-linux-x86_64-debian-clang, r-devel-linux-x86_64-debian-gcc, r-devel-linux-x86_64-fedora-clang, r-devel-linux-x86_64-fedora-gcc, r-prerel-macos-arm64, r-prerel-windows-x86_64, r-patched-linux-x86_64
Version: 0.2.6
Check: installed package size
Result: NOTE
installed size is 34.2Mb
sub-directories of 1Mb or more:
libs 32.8Mb
Flavors: r-prerel-macos-arm64, r-prerel-windows-x86_64, r-release-macos-arm64, r-release-macos-x86_64, r-release-windows-x86_64, r-oldrel-macos-arm64, r-oldrel-windows-x86_64