Last updated on 2023-10-01 12:00:40 CEST.
Flavor | Version | Tinstall | Tcheck | Ttotal | Status | Flags |
---|---|---|---|---|---|---|
r-devel-linux-x86_64-debian-clang | 0.6-2 | 4.31 | 75.52 | 79.83 | OK | |
r-devel-linux-x86_64-debian-gcc | 0.6-2 | 3.79 | 56.63 | 60.42 | OK | |
r-devel-linux-x86_64-fedora-clang | 0.6-2 | 97.26 | OK | |||
r-devel-linux-x86_64-fedora-gcc | 0.6-2 | 122.07 | OK | |||
r-devel-windows-x86_64 | 0.6-2 | 6.00 | 77.00 | 83.00 | OK | |
r-patched-linux-x86_64 | 0.6-2 | 11.90 | 72.49 | 84.39 | OK | |
r-release-linux-x86_64 | 0.6-2 | 4.29 | 73.41 | 77.70 | OK | |
r-release-macos-arm64 | 0.6-2 | 43.00 | OK | |||
r-release-macos-x86_64 | 0.6-2 | 66.00 | NOTE | |||
r-release-windows-x86_64 | 0.6-2 | 8.00 | 88.00 | 96.00 | OK | |
r-oldrel-macos-arm64 | 0.6-2 | 25.00 | OK | |||
r-oldrel-macos-x86_64 | 0.6-2 | 45.00 | OK | |||
r-oldrel-windows-x86_64 | 0.6-2 | 7.00 | 93.00 | 100.00 | OK |
Version: 0.6-2
Check: package dependencies
Result: NOTE
Package suggested but not available for checking: ‘AER’
Flavor: r-release-macos-x86_64
Version: 0.6-2
Check: Rd cross-references
Result: NOTE
Package unavailable to check Rd xrefs: ‘AER’
Flavor: r-release-macos-x86_64