Last updated on 2024-03-29 09:55:26 CET.
Flavor | Version | Tinstall | Tcheck | Ttotal | Status | Flags |
---|---|---|---|---|---|---|
r-devel-linux-x86_64-debian-clang | 0.6-2 | 4.30 | 78.06 | 82.36 | OK | |
r-devel-linux-x86_64-debian-gcc | 0.6-2 | 3.46 | 58.92 | 62.38 | OK | |
r-devel-linux-x86_64-fedora-clang | 0.6-2 | 106.89 | OK | |||
r-devel-linux-x86_64-fedora-gcc | 0.6-2 | 115.75 | OK | |||
r-devel-windows-x86_64 | 0.6-2 | 6.00 | 74.00 | 80.00 | OK | |
r-patched-linux-x86_64 | 0.6-2 | 12.37 | 74.13 | 86.50 | OK | |
r-release-linux-x86_64 | 0.6-2 | 4.94 | 72.76 | 77.70 | OK | |
r-release-macos-arm64 | 0.6-2 | 43.00 | OK | |||
r-release-macos-x86_64 | 0.6-2 | 66.00 | NOTE | |||
r-release-windows-x86_64 | 0.6-2 | 7.00 | 89.00 | 96.00 | OK | |
r-oldrel-macos-arm64 | 0.6-2 | 25.00 | OK | |||
r-oldrel-windows-x86_64 | 0.6-2 | 7.00 | 91.00 | 98.00 | OK |
Version: 0.6-2
Check: package dependencies
Result: NOTE
Package suggested but not available for checking: ‘AER’
Flavor: r-release-macos-x86_64
Version: 0.6-2
Check: Rd cross-references
Result: NOTE
Package unavailable to check Rd xrefs: ‘AER’
Flavor: r-release-macos-x86_64