CRAN Package Check Results for Package ivmodel

Last updated on 2022-06-24 11:52:10 CEST.

Flavor Version Tinstall Tcheck Ttotal Status Flags
r-devel-linux-x86_64-debian-clang 1.9.0 14.65 134.13 148.78 NOTE
r-devel-linux-x86_64-debian-gcc 1.9.0 11.70 100.27 111.97 NOTE
r-devel-linux-x86_64-fedora-clang 1.9.0 183.69 NOTE
r-devel-linux-x86_64-fedora-gcc 1.9.0 182.10 NOTE
r-devel-windows-x86_64 1.9.0 39.00 161.00 200.00 NOTE
r-patched-linux-x86_64 1.9.0 11.70 127.04 138.74 OK
r-release-linux-x86_64 1.9.0 12.77 125.30 138.07 OK
r-release-macos-arm64 1.9.0 45.00 OK
r-release-macos-x86_64 1.9.0 93.00 OK
r-release-windows-x86_64 1.9.0 35.00 161.00 196.00 OK
r-oldrel-macos-arm64 1.9.0 54.00 OK
r-oldrel-macos-x86_64 1.9.0 87.00 OK
r-oldrel-windows-ix86+x86_64 1.9.0 31.00 152.00 183.00 OK

Check Details

Version: 1.9.0
Check: Rd files
Result: NOTE
    checkRd: (-1) ivmodel.Rd:74: Escaped LaTeX specials: \&
    checkRd: (-1) ivmodelFormula.Rd:79: Escaped LaTeX specials: \&
Flavors: r-devel-linux-x86_64-debian-clang, r-devel-linux-x86_64-debian-gcc, r-devel-linux-x86_64-fedora-clang, r-devel-linux-x86_64-fedora-gcc, r-devel-windows-x86_64