CRAN Package Check Results for Package ivmodel

Last updated on 2022-11-30 10:51:41 CET.

Flavor Version Tinstall Tcheck Ttotal Status Flags
r-devel-linux-x86_64-debian-clang 1.9.0 13.68 133.90 147.58 NOTE
r-devel-linux-x86_64-debian-gcc 1.9.0 11.35 99.42 110.77 NOTE
r-devel-linux-x86_64-fedora-clang 1.9.0 188.68 NOTE
r-devel-linux-x86_64-fedora-gcc 1.9.0 196.00 NOTE
r-devel-windows-x86_64 1.9.0 32.00 169.00 201.00 NOTE
r-patched-linux-x86_64 1.9.0 15.18 126.81 141.99 OK
r-release-linux-x86_64 1.9.0 14.39 125.70 140.09 OK
r-release-macos-arm64 1.9.0 45.00 OK
r-release-macos-x86_64 1.9.0 93.00 OK
r-release-windows-x86_64 1.9.0 34.00 175.00 209.00 OK
r-oldrel-macos-arm64 1.9.0 54.00 OK
r-oldrel-macos-x86_64 1.9.0 87.00 OK
r-oldrel-windows-ix86+x86_64 1.9.0 30.00 147.00 177.00 OK

Check Details

Version: 1.9.0
Check: Rd files
Result: NOTE
    checkRd: (-1) ivmodel.Rd:74: Escaped LaTeX specials: \&
    checkRd: (-1) ivmodelFormula.Rd:79: Escaped LaTeX specials: \&
Flavors: r-devel-linux-x86_64-debian-clang, r-devel-linux-x86_64-debian-gcc, r-devel-linux-x86_64-fedora-clang, r-devel-linux-x86_64-fedora-gcc, r-devel-windows-x86_64