CRAN Package Check Results for Package ivdoctr

Last updated on 2022-06-29 11:52:12 CEST.

Flavor Version Tinstall Tcheck Ttotal Status Flags
r-devel-linux-x86_64-debian-clang 1.0.1 39.45 118.89 158.34 OK
r-devel-linux-x86_64-debian-gcc 1.0.1 30.84 87.51 118.35 OK
r-devel-linux-x86_64-fedora-clang 1.0.1 208.28 NOTE
r-devel-linux-x86_64-fedora-gcc 1.0.1 197.82 NOTE
r-devel-windows-x86_64 1.0.1 62.00 170.00 232.00 OK
r-patched-linux-x86_64 1.0.1 36.93 111.69 148.62 OK
r-release-linux-x86_64 1.0.1 33.70 113.90 147.60 OK
r-release-macos-arm64 1.0.1 56.00 NOTE
r-release-macos-x86_64 1.0.1 96.00 NOTE
r-release-windows-x86_64 1.0.1 69.00 162.00 231.00 OK
r-oldrel-macos-arm64 1.0.1 47.00 NOTE
r-oldrel-macos-x86_64 1.0.1 75.00 NOTE
r-oldrel-windows-ix86+x86_64 1.0.1 100.00 207.00 307.00 OK

Check Details

Version: 1.0.1
Check: data for non-ASCII characters
Result: NOTE
     Note: found 58 marked UTF-8 strings
Flavors: r-devel-linux-x86_64-fedora-clang, r-devel-linux-x86_64-fedora-gcc, r-release-macos-arm64, r-release-macos-x86_64, r-oldrel-macos-arm64, r-oldrel-macos-x86_64