Last updated on 2024-03-28 09:51:46 CET.
Flavor | Version | Tinstall | Tcheck | Ttotal | Status | Flags |
---|---|---|---|---|---|---|
r-devel-linux-x86_64-debian-clang | 1.1.1 | 5.32 | 49.63 | 54.95 | OK | |
r-devel-linux-x86_64-debian-gcc | 1.1.1 | 4.98 | 38.92 | 43.90 | OK | |
r-devel-linux-x86_64-fedora-clang | 1.1.1 | 76.82 | NOTE | |||
r-devel-linux-x86_64-fedora-gcc | 1.1.1 | 70.05 | OK | |||
r-devel-windows-x86_64 | 1.1.1 | 6.00 | 56.00 | 62.00 | OK | |
r-patched-linux-x86_64 | 1.1.1 | 4.01 | 47.84 | 51.85 | OK | |
r-release-linux-x86_64 | 1.1.1 | 3.91 | 47.26 | 51.17 | OK | |
r-release-macos-arm64 | 1.1.1 | 24.00 | OK | |||
r-release-macos-x86_64 | 1.1.1 | 33.00 | OK | |||
r-release-windows-x86_64 | 1.1.1 | 8.00 | 64.00 | 72.00 | OK | |
r-oldrel-macos-arm64 | 1.1.1 | 27.00 | OK | |||
r-oldrel-windows-x86_64 | 1.1.1 | 8.00 | 70.00 | 78.00 | OK |
Version: 1.1.1
Check: Rd cross-references
Result: NOTE
Undeclared package ‘AER’ in Rd xrefs
Flavor: r-devel-linux-x86_64-fedora-clang