Last updated on 2024-04-19 11:56:49 CEST.
Flavor | Version | Tinstall | Tcheck | Ttotal | Status | Flags |
---|---|---|---|---|---|---|
r-devel-linux-x86_64-debian-clang | 1.9 | 5.05 | 53.44 | 58.49 | NOTE | |
r-devel-linux-x86_64-debian-gcc | 1.9 | NOTE | ||||
r-devel-linux-x86_64-fedora-clang | 1.9 | 74.77 | NOTE | |||
r-devel-linux-x86_64-fedora-gcc | 1.9 | 71.58 | NOTE | |||
r-prerel-macos-arm64 | 1.9 | 24.00 | OK | |||
r-prerel-macos-x86_64 | 1.9 | 61.00 | OK | |||
r-prerel-windows-x86_64 | 1.9 | 7.00 | 65.00 | 72.00 | OK | |
r-patched-linux-x86_64 | 1.9 | 5.36 | 52.62 | 57.98 | NOTE | |
r-release-linux-x86_64 | 1.9 | 5.36 | 50.43 | 55.79 | NOTE | |
r-release-macos-arm64 | 1.9 | 24.00 | OK | |||
r-release-macos-x86_64 | 1.9 | 51.00 | OK | |||
r-release-windows-x86_64 | 1.9 | 7.00 | 69.00 | 76.00 | OK | |
r-oldrel-macos-arm64 | 1.9 | 24.00 | OK | |||
r-oldrel-windows-x86_64 | 1.9 | 10.00 | 76.00 | 86.00 | OK |
Version: 1.9
Check: for non-standard things in the check directory
Result: NOTE
Found the following files/directories:
‘RMTplot.pdf’
Flavors: r-devel-linux-x86_64-debian-clang, r-devel-linux-x86_64-debian-gcc, r-devel-linux-x86_64-fedora-clang, r-devel-linux-x86_64-fedora-gcc, r-patched-linux-x86_64, r-release-linux-x86_64