CRAN Package Check Results for Package istacr

Last updated on 2022-06-30 11:53:10 CEST.

Flavor Version Tinstall Tcheck Ttotal Status Flags
r-devel-linux-x86_64-debian-clang 0.1.3 3.11 37.08 40.19 NOTE
r-devel-linux-x86_64-debian-gcc 0.1.3 2.71 28.94 31.65 NOTE
r-devel-linux-x86_64-fedora-clang 0.1.3 55.31 NOTE
r-devel-linux-x86_64-fedora-gcc 0.1.3 54.48 NOTE
r-devel-windows-x86_64 0.1.3 122.00 99.00 221.00 NOTE
r-patched-linux-x86_64 0.1.3 3.93 36.31 40.24 NOTE
r-release-linux-x86_64 0.1.3 2.62 36.32 38.94 NOTE
r-release-macos-arm64 0.1.3 113.00 NOTE
r-release-macos-x86_64 0.1.3 123.00 NOTE
r-release-windows-x86_64 0.1.3 85.00 90.00 175.00 NOTE
r-oldrel-macos-arm64 0.1.3 118.00 NOTE
r-oldrel-macos-x86_64 0.1.3 136.00 NOTE
r-oldrel-windows-ix86+x86_64 0.1.3 8.00 81.00 89.00 NOTE

Check Details

Version: 0.1.3
Check: LazyData
Result: NOTE
     'LazyData' is specified without a 'data' directory
Flavors: r-devel-linux-x86_64-debian-clang, r-devel-linux-x86_64-debian-gcc, r-devel-linux-x86_64-fedora-clang, r-devel-linux-x86_64-fedora-gcc, r-devel-windows-x86_64, r-patched-linux-x86_64, r-release-linux-x86_64, r-release-macos-arm64, r-release-macos-x86_64, r-release-windows-x86_64, r-oldrel-macos-arm64, r-oldrel-macos-x86_64, r-oldrel-windows-ix86+x86_64