CRAN Package Check Results for Package isotracer

Last updated on 2024-03-01 12:51:59 CET.

Flavor Version Tinstall Tcheck Ttotal Status Flags
r-devel-linux-x86_64-debian-clang 1.1.5 402.42 376.17 778.59 NOTE
r-devel-linux-x86_64-debian-gcc 1.1.5 281.02 295.23 576.25 NOTE
r-devel-linux-x86_64-fedora-clang 1.1.5 885.73 NOTE
r-devel-linux-x86_64-fedora-gcc 1.1.5 977.96 NOTE
r-devel-windows-x86_64 1.1.5 207.00 295.00 502.00 ERROR
r-patched-linux-x86_64 1.1.5 226.11 379.20 605.31 NOTE
r-release-linux-x86_64 1.1.5 232.53 375.67 608.20 NOTE
r-release-macos-arm64 1.1.5 297.00 NOTE
r-release-macos-x86_64 1.1.5 802.00 NOTE
r-release-windows-x86_64 1.1.5 306.00 375.00 681.00 NOTE
r-oldrel-macos-arm64 1.1.5 290.00 NOTE
r-oldrel-windows-x86_64 1.1.5 254.00 362.00 616.00 NOTE

Check Details

Version: 1.1.5
Check: Rd files
Result: NOTE checkRd: (-1) run_mcmc.Rd:61: Lost braces; missing escapes or markup? 61 | object of class \code{networkModelStanfit} and {mcmc.list}, which still | ^ Flavors: r-devel-linux-x86_64-debian-clang, r-devel-linux-x86_64-debian-gcc, r-devel-linux-x86_64-fedora-clang, r-devel-linux-x86_64-fedora-gcc

Version: 1.1.5
Check: for GNU extensions in Makefiles
Result: NOTE GNU make is a SystemRequirements. Flavors: r-devel-linux-x86_64-debian-clang, r-devel-linux-x86_64-debian-gcc, r-devel-linux-x86_64-fedora-clang, r-devel-linux-x86_64-fedora-gcc, r-devel-windows-x86_64, r-patched-linux-x86_64, r-release-linux-x86_64, r-release-macos-arm64, r-release-macos-x86_64, r-release-windows-x86_64, r-oldrel-macos-arm64, r-oldrel-windows-x86_64

Version: 1.1.5
Check: installed package size
Result: NOTE installed size is 9.8Mb sub-directories of 1Mb or more: data 1.9Mb doc 2.3Mb libs 4.5Mb Flavors: r-devel-linux-x86_64-fedora-clang, r-devel-windows-x86_64, r-release-macos-arm64, r-release-macos-x86_64, r-release-windows-x86_64, r-oldrel-macos-arm64, r-oldrel-windows-x86_64

Version: 1.1.5
Check: dependencies in R code
Result: NOTE Namespace in Imports field not imported from: ‘rstantools’ All declared Imports should be used. Flavors: r-devel-linux-x86_64-fedora-clang, r-devel-linux-x86_64-fedora-gcc

Version: 1.1.5
Check: tests
Result: ERROR Running 'testthat.R' [62s] Running the tests in 'tests/testthat.R' failed. Complete output: > library(testthat) > library(isotracer) To automatically run isotracer in parallel on a multicore CPU, you can call: options(mc.cores = parallel::detectCores()) Attaching package: 'isotracer' The following object is masked from 'package:stats': filter > > test_check("isotracer") [ FAIL 2 | WARN 22 | SKIP 0 | PASS 291 ] ══ Failed tests ════════════════════════════════════════════════════════════════ ── Failure ('test-integration.R:206:13'): Model with three compartments work ─── `{ ... }` threw an error. Message: ℹ In index: 1. Caused by error in `purrr::map()`: ℹ In index: 39. Caused by error in `quantile.default()`: ! missing values and NaN's not allowed if 'na.rm' is FALSE Class: purrr_error_indexed/rlang_error/error/condition ── Failure ('test-integration.R:207:13'): Model with three compartments work ─── `plot(p)` threw an error. Message: object 'p' not found Class: simpleError/error/condition Backtrace: ▆ 1. ├─testthat::expect_error(plot(p), NA) at test-integration.R:207:13 2. │ └─testthat:::quasi_capture(...) 3. │ ├─testthat (local) .capture(...) 4. │ │ └─base::withCallingHandlers(...) 5. │ └─rlang::eval_bare(quo_get_expr(.quo), quo_get_env(.quo)) 6. └─base::plot(p) [ FAIL 2 | WARN 22 | SKIP 0 | PASS 291 ] Error: Test failures Execution halted Flavor: r-devel-windows-x86_64