Last updated on 2023-01-30 10:52:03 CET.
Flavor | Version | Tinstall | Tcheck | Ttotal | Status | Flags |
---|---|---|---|---|---|---|
r-devel-linux-x86_64-debian-clang | 1.1.3 | 345.11 | 309.36 | 654.47 | NOTE | |
r-devel-linux-x86_64-debian-gcc | 1.1.3 | 177.83 | 236.82 | 414.65 | NOTE | |
r-devel-linux-x86_64-fedora-clang | 1.1.3 | 698.18 | NOTE | |||
r-devel-linux-x86_64-fedora-gcc | 1.1.3 | 737.50 | NOTE | |||
r-devel-windows-x86_64 | 1.1.3 | 286.00 | 404.00 | 690.00 | NOTE | |
r-patched-linux-x86_64 | 1.1.3 | 177.04 | 295.01 | 472.05 | NOTE | |
r-release-linux-x86_64 | 1.1.3 | 184.38 | 258.07 | 442.45 | NOTE | |
r-release-macos-arm64 | 1.1.3 | 188.00 | NOTE | |||
r-release-macos-x86_64 | 1.1.3 | 345.00 | NOTE | |||
r-release-windows-x86_64 | 1.1.3 | 820.00 | 426.00 | 1246.00 | NOTE | |
r-oldrel-macos-arm64 | 1.1.3 | 176.00 | NOTE | |||
r-oldrel-macos-x86_64 | 1.1.3 | 242.00 | NOTE | |||
r-oldrel-windows-ix86+x86_64 | 1.1.3 | 443.00 | 540.00 | 983.00 | NOTE |
Version: 1.1.3
Check: for GNU extensions in Makefiles
Result: NOTE
GNU make is a SystemRequirements.
Flavors: r-devel-linux-x86_64-debian-clang, r-devel-linux-x86_64-debian-gcc, r-devel-linux-x86_64-fedora-clang, r-devel-linux-x86_64-fedora-gcc, r-devel-windows-x86_64, r-patched-linux-x86_64, r-release-linux-x86_64, r-release-macos-arm64, r-release-macos-x86_64, r-release-windows-x86_64, r-oldrel-macos-arm64, r-oldrel-macos-x86_64, r-oldrel-windows-ix86+x86_64
Version: 1.1.3
Check: C++ specification
Result: NOTE
Specified C++14: please update to current default of C++17
Flavors: r-devel-linux-x86_64-debian-gcc, r-devel-linux-x86_64-fedora-clang, r-devel-linux-x86_64-fedora-gcc, r-devel-windows-x86_64
Version: 1.1.3
Check: installed package size
Result: NOTE
installed size is 8.7Mb
sub-directories of 1Mb or more:
doc 2.9Mb
libs 3.8Mb
Flavors: r-devel-linux-x86_64-fedora-clang, r-devel-windows-x86_64, r-release-macos-arm64, r-release-macos-x86_64, r-release-windows-x86_64, r-oldrel-macos-arm64, r-oldrel-macos-x86_64, r-oldrel-windows-ix86+x86_64