Last updated on 2022-07-04 12:54:12 CEST.
Flavor | Version | Tinstall | Tcheck | Ttotal | Status | Flags |
---|---|---|---|---|---|---|
r-devel-linux-x86_64-debian-clang | 0.1.0 | 38.62 | 92.70 | 131.32 | OK | |
r-devel-linux-x86_64-debian-gcc | 0.1.0 | 32.36 | 70.52 | 102.88 | OK | |
r-devel-linux-x86_64-fedora-clang | 0.1.0 | 186.23 | NOTE | |||
r-devel-linux-x86_64-fedora-gcc | 0.1.0 | 175.50 | NOTE | |||
r-devel-windows-x86_64 | 0.1.0 | 59.00 | 147.00 | 206.00 | OK | |
r-patched-linux-x86_64 | 0.1.0 | 38.99 | 88.77 | 127.76 | OK | |
r-release-linux-x86_64 | 0.1.0 | 34.97 | 90.10 | 125.07 | OK | |
r-release-macos-arm64 | 0.1.0 | 50.00 | NOTE | |||
r-release-macos-x86_64 | 0.1.0 | 67.00 | NOTE | |||
r-release-windows-x86_64 | 0.1.0 | 60.00 | 146.00 | 206.00 | OK | |
r-oldrel-macos-arm64 | 0.1.0 | 58.00 | NOTE | |||
r-oldrel-macos-x86_64 | 0.1.0 | 98.00 | NOTE | |||
r-oldrel-windows-ix86+x86_64 | 0.1.0 | 98.00 | 160.00 | 258.00 | OK |
Version: 0.1.0
Check: dependencies in R code
Result: NOTE
Namespace in Imports field not imported from: ‘Rcpp’
All declared Imports should be used.
Flavors: r-devel-linux-x86_64-fedora-clang, r-devel-linux-x86_64-fedora-gcc, r-release-macos-arm64, r-release-macos-x86_64, r-oldrel-macos-arm64, r-oldrel-macos-x86_64