CRAN Package Check Results for Package isocalcR

Last updated on 2022-07-02 12:53:06 CEST.

Flavor Version Tinstall Tcheck Ttotal Status Flags
r-devel-linux-x86_64-debian-clang 0.0.2 1.88 27.00 28.88 OK
r-devel-linux-x86_64-debian-gcc 0.0.2 1.94 21.09 23.03 OK
r-devel-linux-x86_64-fedora-clang 0.0.2 46.05 NOTE
r-devel-linux-x86_64-fedora-gcc 0.0.2 45.83 NOTE
r-devel-windows-x86_64 0.0.2 14.00 59.00 73.00 OK
r-patched-linux-x86_64 0.0.2 2.36 26.20 28.56 OK
r-release-linux-x86_64 0.0.2 1.71 25.94 27.65 OK
r-release-macos-arm64 0.0.2 15.00 NOTE
r-release-macos-x86_64 0.0.2 31.00 NOTE
r-release-windows-x86_64 0.0.2 5.00 59.00 64.00 OK
r-oldrel-macos-arm64 0.0.2 18.00 NOTE
r-oldrel-macos-x86_64 0.0.2 24.00 NOTE
r-oldrel-windows-ix86+x86_64 0.0.2 6.00 48.00 54.00 OK

Check Details

Version: 0.0.2
Check: dependencies in R code
Result: NOTE
    Namespace in Imports field not imported from: ‘dplyr’
     All declared Imports should be used.
Flavors: r-devel-linux-x86_64-fedora-clang, r-devel-linux-x86_64-fedora-gcc, r-release-macos-arm64, r-release-macos-x86_64, r-oldrel-macos-arm64, r-oldrel-macos-x86_64