CRAN Package Check Results for Package isobxr

Last updated on 2022-07-04 12:54:12 CEST.

Flavor Version Tinstall Tcheck Ttotal Status Flags
r-devel-linux-x86_64-debian-clang 1.0.1 7.38 65.32 72.70 OK
r-devel-linux-x86_64-debian-gcc 1.0.1 6.96 49.25 56.21 OK
r-devel-linux-x86_64-fedora-clang 1.0.1 100.78 WARN
r-devel-linux-x86_64-fedora-gcc 1.0.1 96.65 WARN
r-devel-windows-x86_64 1.0.1 35.00 105.00 140.00 OK
r-patched-linux-x86_64 1.0.1 7.53 62.19 69.72 OK
r-release-linux-x86_64 1.0.1 5.40 62.02 67.42 OK
r-release-macos-arm64 1.0.1 33.00 OK
r-release-macos-x86_64 1.0.1 57.00 OK
r-release-windows-x86_64 1.0.1 32.00 106.00 138.00 OK
r-oldrel-macos-arm64 1.0.1 46.00 OK
r-oldrel-macos-x86_64 1.0.1 44.00 OK
r-oldrel-windows-ix86+x86_64 1.0.1 16.00 101.00 117.00 OK

Check Details

Version: 1.0.1
Check: package dependencies
Result: WARN
    Requires (indirectly) orphaned package: ‘gtools’
Flavors: r-devel-linux-x86_64-fedora-clang, r-devel-linux-x86_64-fedora-gcc