Last updated on 2022-06-29 11:52:12 CEST.
Flavor | Version | Tinstall | Tcheck | Ttotal | Status | Flags |
---|---|---|---|---|---|---|
r-devel-linux-x86_64-debian-clang | 0.2.5 | 35.39 | 41.99 | 77.38 | OK | |
r-devel-linux-x86_64-debian-gcc | 0.2.5 | 39.07 | 32.39 | 71.46 | OK | |
r-devel-linux-x86_64-fedora-clang | 0.2.5 | 126.30 | NOTE | |||
r-devel-linux-x86_64-fedora-gcc | 0.2.5 | 125.87 | OK | |||
r-devel-windows-x86_64 | 0.2.5 | 192.00 | 96.00 | 288.00 | OK | |
r-patched-linux-x86_64 | 0.2.5 | 38.61 | 40.84 | 79.45 | OK | |
r-release-linux-x86_64 | 0.2.5 | 41.06 | 41.28 | 82.34 | OK | |
r-release-macos-arm64 | 0.2.5 | 37.00 | NOTE | |||
r-release-macos-x86_64 | 0.2.5 | 51.00 | NOTE | |||
r-release-windows-x86_64 | 0.2.5 | 142.00 | 101.00 | 243.00 | OK | |
r-oldrel-macos-arm64 | 0.2.5 | 87.00 | NOTE | |||
r-oldrel-macos-x86_64 | 0.2.5 | 77.00 | NOTE | |||
r-oldrel-windows-ix86+x86_64 | 0.2.5 | 102.00 | 100.00 | 202.00 | OK |
Version: 0.2.5
Check: installed package size
Result: NOTE
installed size is 6.3Mb
sub-directories of 1Mb or more:
libs 4.4Mb
Flavors: r-devel-linux-x86_64-fedora-clang, r-release-macos-arm64, r-release-macos-x86_64, r-oldrel-macos-arm64, r-oldrel-macos-x86_64