Last updated on 2022-06-25 10:53:05 CEST.
Flavor | Version | Tinstall | Tcheck | Ttotal | Status | Flags |
---|---|---|---|---|---|---|
r-devel-linux-x86_64-debian-clang | 0.4.0 | 4.94 | 87.75 | 92.69 | OK | |
r-devel-linux-x86_64-debian-gcc | 0.4.0 | 4.06 | 60.05 | 64.11 | OK | |
r-devel-linux-x86_64-fedora-clang | 0.4.0 | 115.96 | NOTE | |||
r-devel-linux-x86_64-fedora-gcc | 0.4.0 | 111.65 | NOTE | |||
r-devel-windows-x86_64 | 0.4.0 | 60.00 | 105.00 | 165.00 | OK | |
r-patched-linux-x86_64 | 0.4.0 | 4.39 | 80.08 | 84.47 | OK | |
r-release-linux-x86_64 | 0.4.0 | 4.58 | 79.47 | 84.05 | OK | |
r-release-macos-arm64 | 0.4.0 | 29.00 | NOTE | |||
r-release-macos-x86_64 | 0.4.0 | 46.00 | NOTE | |||
r-release-windows-x86_64 | 0.4.0 | 46.00 | 103.00 | 149.00 | OK | |
r-oldrel-macos-arm64 | 0.4.0 | 40.00 | NOTE | |||
r-oldrel-macos-x86_64 | 0.4.0 | 50.00 | NOTE | |||
r-oldrel-windows-ix86+x86_64 | 0.4.0 | 12.00 | 107.00 | 119.00 | OK |
Version: 0.4.0
Check: data for non-ASCII characters
Result: NOTE
Note: found 104 marked UTF-8 strings
Flavors: r-devel-linux-x86_64-fedora-clang, r-devel-linux-x86_64-fedora-gcc, r-release-macos-arm64, r-release-macos-x86_64, r-oldrel-macos-arm64, r-oldrel-macos-x86_64