Last updated on 2024-04-18 12:52:48 CEST.
Flavor | Version | Tinstall | Tcheck | Ttotal | Status | Flags |
---|---|---|---|---|---|---|
r-devel-linux-x86_64-debian-clang | 0.2.9 | 253.10 | 253.11 | 506.21 | OK | |
r-devel-linux-x86_64-debian-gcc | 0.2.9 | 200.87 | 176.60 | 377.47 | OK | |
r-devel-linux-x86_64-fedora-clang | 0.2.9 | 664.96 | OK | |||
r-devel-linux-x86_64-fedora-gcc | 0.2.9 | 694.50 | OK | |||
r-prerel-macos-arm64 | 0.2.9 | 117.00 | NOTE | |||
r-prerel-macos-x86_64 | 0.2.9 | 318.00 | NOTE | |||
r-prerel-windows-x86_64 | 0.2.9 | 180.00 | 211.00 | 391.00 | OK | |
r-patched-linux-x86_64 | 0.2.9 | 250.02 | 236.00 | 486.02 | OK | |
r-release-linux-x86_64 | 0.2.9 | 235.40 | 233.22 | 468.62 | OK | |
r-release-macos-arm64 | 0.2.9 | 138.00 | NOTE | |||
r-release-macos-x86_64 | 0.2.9 | 325.00 | NOTE | |||
r-release-windows-x86_64 | 0.2.9 | 166.00 | 282.00 | 448.00 | OK | |
r-oldrel-macos-arm64 | 0.2.9 | 145.00 | NOTE | |||
r-oldrel-windows-x86_64 | 0.2.9 | 216.00 | 236.00 | 452.00 | OK |
Version: 0.2.9
Check: installed package size
Result: NOTE
installed size is 9.8Mb
sub-directories of 1Mb or more:
libs 8.1Mb
Flavors: r-prerel-macos-arm64, r-prerel-macos-x86_64, r-release-macos-arm64, r-release-macos-x86_64, r-oldrel-macos-arm64