Last updated on 2024-04-25 07:59:56 CEST.
Flavor | Version | Tinstall | Tcheck | Ttotal | Status | Flags |
---|---|---|---|---|---|---|
r-devel-linux-x86_64-debian-clang | 1.9.12 | 28.40 | 41.17 | 69.57 | OK | |
r-devel-linux-x86_64-debian-gcc | 1.9.12 | 24.04 | 31.87 | 55.91 | OK | |
r-devel-linux-x86_64-fedora-clang | 1.9.12 | 91.08 | OK | |||
r-devel-linux-x86_64-fedora-gcc | 1.9.12 | 108.96 | OK | |||
r-devel-windows-x86_64 | 1.9.12 | 25.00 | 76.00 | 101.00 | OK | |
r-patched-linux-x86_64 | 1.9.12 | 32.01 | 40.48 | 72.49 | OK | |
r-release-linux-x86_64 | 1.9.12 | 27.56 | 38.84 | 66.40 | OK | |
r-release-macos-arm64 | 1.9.12 | 33.00 | NOTE | |||
r-release-windows-x86_64 | 1.9.12 | 22.00 | 78.00 | 100.00 | OK | |
r-oldrel-macos-arm64 | 1.9.12 | 54.00 | NOTE | |||
r-oldrel-macos-x86_64 | 1.9.12 | 122.00 | NOTE | |||
r-oldrel-windows-x86_64 | 1.9.12 | 28.00 | 86.00 | 114.00 | OK |
Version: 1.9.12
Check: installed package size
Result: NOTE
installed size is 7.0Mb
sub-directories of 1Mb or more:
libs 6.5Mb
Flavors: r-release-macos-arm64, r-oldrel-macos-arm64, r-oldrel-macos-x86_64