Last updated on 2025-04-29 12:52:39 CEST.
Flavor | Version | Tinstall | Tcheck | Ttotal | Status | Flags |
---|---|---|---|---|---|---|
r-devel-linux-x86_64-debian-clang | 0.1.0 | 1.64 | 16.72 | 18.36 | NOTE | |
r-devel-linux-x86_64-debian-gcc | 0.1.0 | 1.14 | 13.99 | 15.13 | NOTE | |
r-devel-linux-x86_64-fedora-clang | 0.1.0 | 27.85 | OK | |||
r-devel-linux-x86_64-fedora-gcc | 0.1.0 | 27.04 | OK | |||
r-devel-windows-x86_64 | 0.1.0 | 3.00 | 34.00 | 37.00 | OK | |
r-patched-linux-x86_64 | 0.1.0 | 1.69 | 15.86 | 17.55 | OK | |
r-release-linux-x86_64 | 0.1.0 | 1.59 | 15.99 | 17.58 | OK | |
r-release-macos-arm64 | 0.1.0 | 14.00 | OK | |||
r-release-macos-x86_64 | 0.1.0 | 21.00 | OK | |||
r-release-windows-x86_64 | 0.1.0 | 4.00 | 38.00 | 42.00 | OK | |
r-oldrel-macos-arm64 | 0.1.0 | 13.00 | NOTE | |||
r-oldrel-macos-x86_64 | 0.1.0 | 18.00 | NOTE | |||
r-oldrel-windows-x86_64 | 0.1.0 | 3.00 | 34.00 | 37.00 | NOTE |
Version: 0.1.0
Check: CRAN incoming feasibility
Result: NOTE
Maintainer: ‘Jean-Benoit Rossel <jean-benoit.rossel@unisante.ch>’
No Authors@R field in DESCRIPTION.
Please add one, modifying
Authors@R: c(person(given = c("Dr.", "Jean-Benoit"),
family = "Rossel",
role = "aut"),
person(given = c("Prof.", "Valentin"),
family = "Rousson",
role = "aut"),
person(given = c("Dr.", "Yves"),
family = "Eggli",
role = "aut"),
person(given = "Jean-Benoit",
family = "Rossel",
role = "cre",
email = "jean-benoit.rossel@unisante.ch"))
as necessary.
Flavors: r-devel-linux-x86_64-debian-clang, r-devel-linux-x86_64-debian-gcc
Version: 0.1.0
Check: LazyData
Result: NOTE
'LazyData' is specified without a 'data' directory
Flavors: r-oldrel-macos-arm64, r-oldrel-macos-x86_64, r-oldrel-windows-x86_64