Last updated on 2024-04-18 12:52:48 CEST.
Flavor | Version | Tinstall | Tcheck | Ttotal | Status | Flags |
---|---|---|---|---|---|---|
r-devel-linux-x86_64-debian-clang | 1.0.2 | 165.88 | 80.00 | 245.88 | OK | |
r-devel-linux-x86_64-debian-gcc | 1.0.2 | 130.56 | 59.16 | 189.72 | OK | |
r-devel-linux-x86_64-fedora-clang | 1.0.2 | 358.83 | OK | |||
r-devel-linux-x86_64-fedora-gcc | 1.0.2 | 383.21 | OK | |||
r-prerel-macos-arm64 | 1.0.2 | 90.00 | NOTE | |||
r-prerel-windows-x86_64 | 1.0.2 | 135.00 | 101.00 | 236.00 | OK | |
r-patched-linux-x86_64 | 1.0.2 | 172.22 | 75.21 | 247.43 | OK | |
r-release-linux-x86_64 | 1.0.2 | 166.38 | 74.23 | 240.61 | OK | |
r-release-macos-arm64 | 1.0.2 | 95.00 | NOTE | |||
r-release-macos-x86_64 | 1.0.2 | 131.00 | NOTE | |||
r-release-windows-x86_64 | 1.0.2 | 170.00 | 129.00 | 299.00 | OK | |
r-oldrel-macos-arm64 | 1.0.2 | 81.00 | NOTE | |||
r-oldrel-windows-x86_64 | 1.0.2 | 157.00 | 127.00 | 284.00 | OK |
Version: 1.0.2
Check: installed package size
Result: NOTE
installed size is 6.9Mb
sub-directories of 1Mb or more:
libs 6.4Mb
Flavors: r-prerel-macos-arm64, r-release-macos-arm64, r-release-macos-x86_64, r-oldrel-macos-arm64