CRAN Package Check Results for Package invctr

Last updated on 2022-06-29 11:52:12 CEST.

Flavor Version Tinstall Tcheck Ttotal Status Flags
r-devel-linux-x86_64-debian-clang 0.1.0 3.58 37.55 41.13 NOTE
r-devel-linux-x86_64-debian-gcc 0.1.0 2.40 29.02 31.42 NOTE
r-devel-linux-x86_64-fedora-clang 0.1.0 59.47 NOTE
r-devel-linux-x86_64-fedora-gcc 0.1.0 58.86 NOTE
r-devel-windows-x86_64 0.1.0 21.00 66.00 87.00 NOTE
r-patched-linux-x86_64 0.1.0 2.48 36.09 38.57 NOTE
r-release-linux-x86_64 0.1.0 2.89 36.78 39.67 NOTE
r-release-macos-arm64 0.1.0 20.00 NOTE
r-release-macos-x86_64 0.1.0 28.00 NOTE
r-release-windows-x86_64 0.1.0 18.00 66.00 84.00 NOTE
r-oldrel-macos-arm64 0.1.0 23.00 NOTE
r-oldrel-macos-x86_64 0.1.0 35.00 NOTE
r-oldrel-windows-ix86+x86_64 0.1.0 8.00 59.00 67.00 NOTE

Check Details

Version: 0.1.0
Check: LazyData
Result: NOTE
     'LazyData' is specified without a 'data' directory
Flavors: r-devel-linux-x86_64-debian-clang, r-devel-linux-x86_64-debian-gcc, r-devel-linux-x86_64-fedora-clang, r-devel-linux-x86_64-fedora-gcc, r-devel-windows-x86_64, r-patched-linux-x86_64, r-release-linux-x86_64, r-release-macos-arm64, r-release-macos-x86_64, r-release-windows-x86_64, r-oldrel-macos-arm64, r-oldrel-macos-x86_64, r-oldrel-windows-ix86+x86_64