Last updated on 2025-11-03 11:49:44 CET.
| Flavor | Version | Tinstall | Tcheck | Ttotal | Status | Flags | 
|---|---|---|---|---|---|---|
| r-devel-linux-x86_64-debian-clang | 2.9 | 15.61 | 108.59 | 124.20 | NOTE | |
| r-devel-linux-x86_64-debian-gcc | 2.9 | 8.19 | 71.06 | 79.25 | NOTE | |
| r-devel-linux-x86_64-fedora-clang | 2.9 | 65.00 | 127.88 | 192.88 | OK | |
| r-devel-linux-x86_64-fedora-gcc | 2.9 | 35.00 | 128.42 | 163.42 | OK | |
| r-devel-windows-x86_64 | 2.9 | 16.00 | 124.00 | 140.00 | OK | |
| r-patched-linux-x86_64 | 2.9 | 14.60 | 99.31 | 113.91 | OK | |
| r-release-linux-x86_64 | 2.9 | 11.56 | 99.41 | 110.97 | OK | |
| r-release-macos-arm64 | 2.9 | 6.00 | 38.00 | 44.00 | OK | |
| r-release-macos-x86_64 | 2.9 | 11.00 | 67.00 | 78.00 | OK | |
| r-release-windows-x86_64 | 2.9 | 16.00 | 123.00 | 139.00 | OK | |
| r-oldrel-macos-arm64 | 2.9 | 6.00 | 41.00 | 47.00 | OK | |
| r-oldrel-macos-x86_64 | 2.9 | 10.00 | 60.00 | 70.00 | OK | |
| r-oldrel-windows-x86_64 | 2.9 | 21.00 | 159.00 | 180.00 | OK | 
Version: 2.9
Check: CRAN incoming feasibility
Result: NOTE
  Maintainer: ‘Daniel Caro <dcarov@gmail.com>’
  
  No Authors@R field in DESCRIPTION.
  Please add one, modifying
    Authors@R: c(person(given = "Daniel",
                        family = "Caro",
                        role = c("aut", "cre"),
                        email = "dcarov@gmail.com"),
                 person(given = "Przemyslaw",
                        family = "Biecek",
                        role = "aut",
                        email = "przemyslaw.biecek@gmail.com"))
  as necessary.
Flavors: r-devel-linux-x86_64-debian-clang, r-devel-linux-x86_64-debian-gcc