Last updated on 2024-03-29 09:55:26 CET.
Flavor | Version | Tinstall | Tcheck | Ttotal | Status | Flags |
---|---|---|---|---|---|---|
r-devel-linux-x86_64-debian-clang | 0.2.2 | 221.80 | 60.94 | 282.74 | NOTE | |
r-devel-linux-x86_64-debian-gcc | 0.2.2 | 186.85 | 45.14 | 231.99 | NOTE | |
r-devel-linux-x86_64-fedora-clang | 0.2.2 | 404.08 | NOTE | |||
r-devel-linux-x86_64-fedora-gcc | 0.2.2 | 435.04 | NOTE | |||
r-devel-windows-x86_64 | 0.2.2 | 164.00 | 93.00 | 257.00 | NOTE | |
r-patched-linux-x86_64 | 0.2.2 | 231.99 | 59.57 | 291.56 | NOTE | |
r-release-linux-x86_64 | 0.2.2 | 223.09 | 57.26 | 280.35 | NOTE | |
r-release-macos-arm64 | 0.2.2 | 96.00 | NOTE | |||
r-release-macos-x86_64 | 0.2.2 | 173.00 | NOTE | |||
r-release-windows-x86_64 | 0.2.2 | 202.00 | 108.00 | 310.00 | NOTE | |
r-oldrel-macos-arm64 | 0.2.2 | 87.00 | NOTE | |||
r-oldrel-windows-x86_64 | 0.2.2 | 202.00 | 105.00 | 307.00 | NOTE |
Version: 0.2.2
Check: C++ specification
Result: NOTE
Specified C++11: please drop specification unless essential
Flavors: r-devel-linux-x86_64-debian-clang, r-devel-linux-x86_64-debian-gcc, r-devel-linux-x86_64-fedora-clang, r-devel-linux-x86_64-fedora-gcc, r-devel-windows-x86_64, r-patched-linux-x86_64, r-release-linux-x86_64, r-release-macos-arm64, r-release-macos-x86_64, r-release-windows-x86_64
Version: 0.2.2
Check: Rd files
Result: NOTE
checkRd: (-1) cox_cure_net.Rd:132: Lost braces
132 | \code{surv_lambda} (or code{cure_lambda}) that produces all-zero
| ^
Flavors: r-devel-linux-x86_64-debian-clang, r-devel-linux-x86_64-debian-gcc, r-devel-linux-x86_64-fedora-clang, r-devel-linux-x86_64-fedora-gcc, r-devel-windows-x86_64, r-patched-linux-x86_64
Version: 0.2.2
Check: LazyData
Result: NOTE
'LazyData' is specified without a 'data' directory
Flavors: r-devel-linux-x86_64-debian-clang, r-devel-linux-x86_64-debian-gcc, r-devel-linux-x86_64-fedora-clang, r-devel-linux-x86_64-fedora-gcc, r-devel-windows-x86_64, r-patched-linux-x86_64, r-release-linux-x86_64, r-release-macos-arm64, r-release-macos-x86_64, r-release-windows-x86_64, r-oldrel-macos-arm64, r-oldrel-windows-x86_64
Version: 0.2.2
Check: installed package size
Result: NOTE
installed size is 12.0Mb
sub-directories of 1Mb or more:
libs 11.2Mb
Flavors: r-release-macos-arm64, r-release-macos-x86_64, r-oldrel-macos-arm64