Last updated on 2025-02-21 10:51:40 CET.
Flavor | Version | Tinstall | Tcheck | Ttotal | Status | Flags |
---|---|---|---|---|---|---|
r-devel-linux-x86_64-debian-clang | 0.1.34 | 86.72 | 22.66 | 109.38 | OK | |
r-devel-linux-x86_64-debian-gcc | 0.1.34 | 68.27 | 18.49 | 86.76 | OK | |
r-devel-linux-x86_64-fedora-clang | 0.1.34 | 222.20 | OK | |||
r-devel-linux-x86_64-fedora-gcc | 0.1.34 | 219.56 | OK | |||
r-devel-macos-arm64 | 0.1.34 | 45.00 | OK | |||
r-devel-macos-x86_64 | 0.1.34 | 67.00 | OK | |||
r-devel-windows-x86_64 | 0.1.34 | 95.00 | 49.00 | 144.00 | OK | |
r-patched-linux-x86_64 | 0.1.34 | 96.12 | 23.43 | 119.55 | OK | |
r-release-linux-x86_64 | 0.1.34 | 95.38 | 23.32 | 118.70 | OK | |
r-release-macos-arm64 | 0.1.34 | 56.00 | NOTE | |||
r-release-macos-x86_64 | 0.1.34 | 69.00 | NOTE | |||
r-release-windows-x86_64 | 0.1.34 | 106.00 | 49.00 | 155.00 | OK | |
r-oldrel-macos-arm64 | 0.1.34 | 54.00 | NOTE | |||
r-oldrel-macos-x86_64 | 0.1.34 | 72.00 | NOTE | |||
r-oldrel-windows-x86_64 | 0.1.34 | 89.00 | 53.00 | 142.00 | OK |
Version: 0.1.34
Check: installed package size
Result: NOTE
installed size is 7.2Mb
sub-directories of 1Mb or more:
libs 7.1Mb
Flavors: r-release-macos-arm64, r-release-macos-x86_64, r-oldrel-macos-arm64, r-oldrel-macos-x86_64