Last updated on 2025-05-12 13:50:16 CEST.
Flavor | Version | Tinstall | Tcheck | Ttotal | Status | Flags |
---|---|---|---|---|---|---|
r-devel-linux-x86_64-debian-clang | 0.2.3 | 14.78 | 129.81 | 144.59 | OK | |
r-devel-linux-x86_64-debian-gcc | 0.2.3 | 11.21 | 90.66 | 101.87 | OK | |
r-devel-linux-x86_64-fedora-clang | 0.2.3 | 223.19 | OK | |||
r-devel-linux-x86_64-fedora-gcc | 0.2.3 | 227.17 | OK | |||
r-devel-windows-x86_64 | 0.2.3 | 16.00 | 113.00 | 129.00 | OK | |
r-patched-linux-x86_64 | 0.2.3 | 15.18 | 123.57 | 138.75 | OK | |
r-release-linux-x86_64 | 0.2.3 | 13.74 | 122.03 | 135.77 | OK | |
r-release-macos-arm64 | 0.2.3 | 87.00 | OK | |||
r-release-macos-x86_64 | 0.2.3 | 119.00 | OK | |||
r-release-windows-x86_64 | 0.2.3 | 16.00 | 114.00 | 130.00 | OK | |
r-oldrel-macos-arm64 | 0.2.3 | 62.00 | NOTE | |||
r-oldrel-macos-x86_64 | 0.2.3 | 88.00 | NOTE | |||
r-oldrel-windows-x86_64 | 0.2.3 | 20.00 | 150.00 | 170.00 | NOTE |
Version: 0.2.3
Check: LazyData
Result: NOTE
'LazyData' is specified without a 'data' directory
Flavors: r-oldrel-macos-arm64, r-oldrel-macos-x86_64, r-oldrel-windows-x86_64