CRAN Package Check Results for Package interimApp

Last updated on 2022-10-03 10:50:29 CEST.

Flavor Version Tinstall Tcheck Ttotal Status Flags
r-devel-linux-x86_64-debian-clang 0.0.1 4.50 41.57 46.07 NOTE
r-devel-linux-x86_64-debian-gcc 0.0.1 2.89 32.22 35.11 NOTE
r-devel-linux-x86_64-fedora-clang 0.0.1 69.58 NOTE
r-devel-linux-x86_64-fedora-gcc 0.0.1 66.92 NOTE
r-devel-windows-x86_64 0.0.1 11.00 76.00 87.00 NOTE
r-patched-linux-x86_64 0.0.1 4.53 40.39 44.92 NOTE
r-release-linux-x86_64 0.0.1 3.30 39.98 43.28 NOTE
r-release-macos-arm64 0.0.1 22.00 NOTE
r-release-macos-x86_64 0.0.1 38.00 NOTE
r-release-windows-x86_64 0.0.1 11.00 71.00 82.00 NOTE
r-oldrel-macos-arm64 0.0.1 24.00 NOTE
r-oldrel-macos-x86_64 0.0.1 30.00 NOTE
r-oldrel-windows-ix86+x86_64 0.0.1 12.00 73.00 85.00 NOTE

Check Details

Version: 0.0.1
Check: LazyData
Result: NOTE
     'LazyData' is specified without a 'data' directory
Flavors: r-devel-linux-x86_64-debian-clang, r-devel-linux-x86_64-debian-gcc, r-devel-linux-x86_64-fedora-clang, r-devel-linux-x86_64-fedora-gcc, r-devel-windows-x86_64, r-patched-linux-x86_64, r-release-linux-x86_64, r-release-macos-arm64, r-release-macos-x86_64, r-release-windows-x86_64, r-oldrel-macos-arm64, r-oldrel-macos-x86_64, r-oldrel-windows-ix86+x86_64