CRAN Package Check Results for Package interfr

Last updated on 2024-02-25 10:54:27 CET.

Flavor Version Tinstall Tcheck Ttotal Status Flags
r-devel-linux-x86_64-debian-clang 0.1.0 2.91 27.34 30.25 OK
r-devel-linux-x86_64-debian-gcc 0.1.0 2.23 21.94 24.17 OK
r-devel-linux-x86_64-fedora-clang 0.1.0 37.55 NOTE
r-devel-linux-x86_64-fedora-gcc 0.1.0 36.32 OK
r-devel-windows-x86_64 0.1.0 3.00 49.00 52.00 OK
r-patched-linux-x86_64 0.1.0 3.02 25.28 28.30 OK
r-release-linux-x86_64 0.1.0 2.59 24.99 27.58 OK
r-release-macos-arm64 0.1.0 18.00 OK
r-release-macos-x86_64 0.1.0 22.00 OK
r-release-windows-x86_64 0.1.0 4.00 47.00 51.00 OK
r-oldrel-macos-arm64 0.1.0 18.00 OK
r-oldrel-windows-x86_64 0.1.0 4.00 51.00 55.00 OK

Check Details

Version: 0.1.0
Check: Rd cross-references
Result: NOTE Undeclared package ‘colorspace’ in Rd xrefs Flavor: r-devel-linux-x86_64-fedora-clang