CRAN Package Check Results for Package intensity.analysis

Last updated on 2022-06-29 11:52:12 CEST.

Flavor Version Tinstall Tcheck Ttotal Status Flags
r-devel-linux-x86_64-debian-clang 0.1.6 30.00 331.69 361.69 NOTE
r-devel-linux-x86_64-debian-gcc 0.1.6 23.75 239.91 263.66 NOTE
r-devel-linux-x86_64-fedora-clang 0.1.6 422.10 NOTE
r-devel-linux-x86_64-fedora-gcc 0.1.6 422.79 NOTE
r-devel-windows-x86_64 0.1.6 91.00 304.00 395.00 NOTE
r-patched-linux-x86_64 0.1.6 26.70 309.62 336.32 NOTE
r-release-linux-x86_64 0.1.6 29.85 316.40 346.25 NOTE
r-release-macos-arm64 0.1.6 93.00 NOTE
r-release-macos-x86_64 0.1.6 166.00 NOTE
r-release-windows-x86_64 0.1.6 93.00 310.00 403.00 NOTE
r-oldrel-macos-arm64 0.1.6 78.00 NOTE
r-oldrel-macos-x86_64 0.1.6 81.00 NOTE
r-oldrel-windows-ix86+x86_64 0.1.6 67.00 328.00 395.00 NOTE

Check Details

Version: 0.1.6
Check: LazyData
Result: NOTE
     'LazyData' is specified without a 'data' directory
Flavors: r-devel-linux-x86_64-debian-clang, r-devel-linux-x86_64-debian-gcc, r-devel-linux-x86_64-fedora-clang, r-devel-linux-x86_64-fedora-gcc, r-devel-windows-x86_64, r-patched-linux-x86_64, r-release-linux-x86_64, r-release-macos-arm64, r-release-macos-x86_64, r-release-windows-x86_64, r-oldrel-macos-arm64, r-oldrel-macos-x86_64, r-oldrel-windows-ix86+x86_64

Version: 0.1.6
Check: dependencies in R code
Result: NOTE
    Namespace in Imports field not imported from: ‘grDevices’
     All declared Imports should be used.
Flavors: r-devel-linux-x86_64-fedora-clang, r-devel-linux-x86_64-fedora-gcc, r-release-macos-arm64, r-release-macos-x86_64, r-oldrel-macos-arm64, r-oldrel-macos-x86_64