CRAN Package Check Results for Package intccr

Last updated on 2022-07-04 12:54:12 CEST.

Flavor Version Tinstall Tcheck Ttotal Status Flags
r-devel-linux-x86_64-debian-clang 3.0.4 10.29 52.71 63.00 OK
r-devel-linux-x86_64-debian-gcc 3.0.4 6.98 39.40 46.38 OK
r-devel-linux-x86_64-fedora-clang 3.0.4 84.01 NOTE
r-devel-linux-x86_64-fedora-gcc 3.0.4 81.78 NOTE
r-devel-windows-x86_64 3.0.4 29.00 76.00 105.00 OK
r-patched-linux-x86_64 3.0.4 6.92 50.20 57.12 OK
r-release-linux-x86_64 3.0.4 8.55 50.00 58.55 OK
r-release-macos-arm64 3.0.4 27.00 NOTE
r-release-macos-x86_64 3.0.4 36.00 NOTE
r-release-windows-x86_64 3.0.4 17.00 77.00 94.00 OK
r-oldrel-macos-arm64 3.0.4 22.00 NOTE
r-oldrel-macos-x86_64 3.0.4 34.00 NOTE
r-oldrel-windows-ix86+x86_64 3.0.4 14.00 70.00 84.00 OK

Check Details

Version: 3.0.4
Check: dependencies in R code
Result: NOTE
    Namespace in Imports field not imported from: ‘splines2’
     All declared Imports should be used.
Flavors: r-devel-linux-x86_64-fedora-clang, r-devel-linux-x86_64-fedora-gcc, r-release-macos-arm64, r-release-macos-x86_64, r-oldrel-macos-arm64, r-oldrel-macos-x86_64