Last updated on 2025-04-29 12:52:39 CEST.
Flavor | Version | Tinstall | Tcheck | Ttotal | Status | Flags |
---|---|---|---|---|---|---|
r-devel-linux-x86_64-debian-clang | 0.85-5 | 1.75 | 21.44 | 23.19 | NOTE | |
r-devel-linux-x86_64-debian-gcc | 0.85-5 | 1.45 | 16.91 | 18.36 | NOTE | |
r-devel-linux-x86_64-fedora-clang | 0.85-5 | 35.72 | OK | |||
r-devel-linux-x86_64-fedora-gcc | 0.85-5 | 34.61 | OK | |||
r-devel-windows-x86_64 | 0.85-5 | 2.00 | 48.00 | 50.00 | OK | |
r-patched-linux-x86_64 | 0.85-5 | 2.08 | 20.54 | 22.62 | OK | |
r-release-linux-x86_64 | 0.85-5 | 1.79 | 20.65 | 22.44 | OK | |
r-release-macos-arm64 | 0.85-5 | 17.00 | OK | |||
r-release-macos-x86_64 | 0.85-5 | 34.00 | OK | |||
r-release-windows-x86_64 | 0.85-5 | 2.00 | 51.00 | 53.00 | OK | |
r-oldrel-macos-arm64 | 0.85-5 | 17.00 | OK | |||
r-oldrel-macos-x86_64 | 0.85-5 | 23.00 | OK | |||
r-oldrel-windows-x86_64 | 0.85-5 | 3.00 | 48.00 | 51.00 | OK |
Version: 0.85-5
Check: CRAN incoming feasibility
Result: NOTE
Maintainer: ‘Jorge Luis Ojeda Cabrera <jojeda@unizar.es>’
No Authors@R field in DESCRIPTION.
Please add one, modifying
Authors@R: person(given = c("Jorge", "Luis", "Ojeda"),
family = "Cabrera",
role = c("aut", "cre"),
email = "jojeda@unizar.es")
as necessary.
Flavors: r-devel-linux-x86_64-debian-clang, r-devel-linux-x86_64-debian-gcc