Last updated on 2024-04-23 10:54:06 CEST.
Flavor | Version | Tinstall | Tcheck | Ttotal | Status | Flags |
---|---|---|---|---|---|---|
r-devel-linux-x86_64-debian-clang | 1.0 | 62.80 | 75.92 | 138.72 | NOTE | |
r-devel-linux-x86_64-debian-gcc | 1.0 | 51.02 | 54.37 | 105.39 | NOTE | |
r-devel-linux-x86_64-fedora-clang | 1.0 | 185.09 | NOTE | |||
r-devel-linux-x86_64-fedora-gcc | 1.0 | 186.38 | NOTE | |||
r-prerel-macos-arm64 | 1.0 | 46.00 | NOTE | |||
r-prerel-windows-x86_64 | 1.0 | 49.00 | 91.00 | 140.00 | NOTE | |
r-patched-linux-x86_64 | 1.0 | 71.23 | 72.30 | 143.53 | NOTE | |
r-release-linux-x86_64 | 1.0 | 63.50 | 70.05 | 133.55 | NOTE | |
r-release-macos-arm64 | 1.0 | 54.00 | NOTE | |||
r-release-macos-x86_64 | 1.0 | 84.00 | NOTE | |||
r-release-windows-x86_64 | 1.0 | 64.00 | 111.00 | 175.00 | NOTE | |
r-oldrel-macos-arm64 | 1.0 | 48.00 | NOTE | |||
r-oldrel-windows-x86_64 | 1.0 | 63.00 | 114.00 | 177.00 | OK |
Version: 1.0
Check: C++ specification
Result: NOTE
Specified C++11: please drop specification unless essential
Flavors: r-devel-linux-x86_64-debian-clang, r-devel-linux-x86_64-debian-gcc, r-devel-linux-x86_64-fedora-clang, r-devel-linux-x86_64-fedora-gcc, r-prerel-macos-arm64, r-prerel-windows-x86_64, r-patched-linux-x86_64, r-release-linux-x86_64, r-release-macos-arm64, r-release-macos-x86_64, r-release-windows-x86_64
Version: 1.0
Check: installed package size
Result: NOTE
installed size is 5.2Mb
sub-directories of 1Mb or more:
libs 5.1Mb
Flavor: r-oldrel-macos-arm64