Last updated on 2024-04-26 12:54:36 CEST.
Flavor | Version | Tinstall | Tcheck | Ttotal | Status | Flags |
---|---|---|---|---|---|---|
r-devel-linux-x86_64-debian-clang | 3.0.3 | 8.65 | 83.25 | 91.90 | NOTE | |
r-devel-linux-x86_64-debian-gcc | 3.0.3 | 6.76 | 60.29 | 67.05 | NOTE | |
r-devel-linux-x86_64-fedora-clang | 3.0.3 | 113.26 | NOTE | |||
r-devel-linux-x86_64-fedora-gcc | 3.0.3 | 106.08 | NOTE | |||
r-devel-windows-x86_64 | 3.0.3 | 8.00 | 77.00 | 85.00 | NOTE | |
r-patched-linux-x86_64 | 3.0.3 | 5.39 | 79.21 | 84.60 | NOTE | |
r-release-linux-x86_64 | 3.0.3 | 8.83 | 77.89 | 86.72 | NOTE | |
r-release-macos-arm64 | 3.0.3 | 33.00 | NOTE | |||
r-release-windows-x86_64 | 3.0.3 | 8.00 | 77.00 | 85.00 | NOTE | |
r-oldrel-macos-arm64 | 3.0.3 | 36.00 | NOTE | |||
r-oldrel-macos-x86_64 | 3.0.3 | 57.00 | NOTE | |||
r-oldrel-windows-x86_64 | 3.0.3 | 11.00 | 91.00 | 102.00 | NOTE |
Version: 3.0.3
Check: LazyData
Result: NOTE
'LazyData' is specified without a 'data' directory
Flavors: r-devel-linux-x86_64-debian-clang, r-devel-linux-x86_64-debian-gcc, r-devel-linux-x86_64-fedora-clang, r-devel-linux-x86_64-fedora-gcc, r-devel-windows-x86_64, r-patched-linux-x86_64, r-release-linux-x86_64, r-release-macos-arm64, r-release-windows-x86_64, r-oldrel-macos-arm64, r-oldrel-macos-x86_64, r-oldrel-windows-x86_64