Last updated on 2025-10-24 10:50:11 CEST.
| Flavor | Version | Tinstall | Tcheck | Ttotal | Status | Flags |
|---|---|---|---|---|---|---|
| r-devel-linux-x86_64-debian-clang | 0.2.2.4 | 1.75 | 32.55 | 34.30 | OK | |
| r-devel-linux-x86_64-debian-gcc | 0.2.2.4 | 1.54 | 25.96 | 27.50 | OK | |
| r-devel-linux-x86_64-fedora-clang | 0.2.2.4 | 52.30 | NOTE | |||
| r-devel-linux-x86_64-fedora-gcc | 0.2.2.4 | 62.50 | NOTE | |||
| r-devel-windows-x86_64 | 0.2.2.4 | 3.00 | 47.00 | 50.00 | OK | |
| r-patched-linux-x86_64 | 0.2.2.4 | 1.85 | 30.74 | 32.59 | OK | |
| r-release-linux-x86_64 | 0.2.2.4 | 1.83 | 31.32 | 33.15 | OK | |
| r-release-macos-arm64 | 0.2.2.4 | 1.00 | 23.00 | 24.00 | OK | |
| r-release-macos-x86_64 | 0.2.2.4 | 2.00 | 42.00 | 44.00 | OK | |
| r-release-windows-x86_64 | 0.2.2.4 | 4.00 | 47.00 | 51.00 | OK | |
| r-oldrel-macos-arm64 | 0.2.2.4 | 1.00 | 22.00 | 23.00 | OK | |
| r-oldrel-macos-x86_64 | 0.2.2.4 | 2.00 | 32.00 | 34.00 | OK | |
| r-oldrel-windows-x86_64 | 0.2.2.4 | 4.00 | 54.00 | 58.00 | OK |
Version: 0.2.2.4
Check: dependencies in R code
Result: NOTE
Namespace in Imports field not imported from: ‘pscl’
All declared Imports should be used.
Flavors: r-devel-linux-x86_64-fedora-clang, r-devel-linux-x86_64-fedora-gcc