CRAN Package Check Results for Package impactflu

Last updated on 2022-07-01 11:52:02 CEST.

Flavor Version Tinstall Tcheck Ttotal Status Flags
r-devel-linux-x86_64-debian-clang 0.1.0 31.10 60.99 92.09 NOTE
r-devel-linux-x86_64-debian-gcc 0.1.0 26.73 45.85 72.58 NOTE
r-devel-linux-x86_64-fedora-clang 0.1.0 134.13 NOTE
r-devel-linux-x86_64-fedora-gcc 0.1.0 124.70 NOTE
r-devel-windows-x86_64 0.1.0 35.00 102.00 137.00 NOTE
r-patched-linux-x86_64 0.1.0 30.90 58.37 89.27 NOTE
r-release-linux-x86_64 0.1.0 28.32 57.81 86.13 NOTE
r-release-macos-arm64 0.1.0 31.00 NOTE
r-release-macos-x86_64 0.1.0 56.00 NOTE
r-release-windows-x86_64 0.1.0 45.00 109.00 154.00 NOTE
r-oldrel-macos-arm64 0.1.0 40.00 NOTE
r-oldrel-macos-x86_64 0.1.0 57.00 NOTE
r-oldrel-windows-ix86+x86_64 0.1.0 83.00 117.00 200.00 NOTE

Check Details

Version: 0.1.0
Check: LazyData
Result: NOTE
     'LazyData' is specified without a 'data' directory
Flavors: r-devel-linux-x86_64-debian-clang, r-devel-linux-x86_64-debian-gcc, r-devel-linux-x86_64-fedora-clang, r-devel-linux-x86_64-fedora-gcc, r-devel-windows-x86_64, r-patched-linux-x86_64, r-release-linux-x86_64, r-release-macos-arm64, r-release-macos-x86_64, r-release-windows-x86_64, r-oldrel-macos-arm64, r-oldrel-macos-x86_64, r-oldrel-windows-ix86+x86_64