CRAN Package Check Results for Package immer

Last updated on 2022-06-28 12:52:26 CEST.

Flavor Version Tinstall Tcheck Ttotal Status Flags
r-devel-linux-x86_64-debian-clang 1.3-3 114.07 81.00 195.07 OK
r-devel-linux-x86_64-debian-gcc 1.3-3 83.85 61.69 145.54 OK
r-devel-linux-x86_64-fedora-clang 1.3-3 269.92 NOTE
r-devel-linux-x86_64-fedora-gcc 1.3-3 264.03 OK
r-devel-windows-x86_64 1.3-3 113.00 128.00 241.00 OK
r-patched-linux-x86_64 1.3-3 99.18 75.85 175.03 OK
r-release-linux-x86_64 1.3-3 89.91 79.64 169.55 OK
r-release-macos-arm64 1.3-3 72.00 NOTE
r-release-macos-x86_64 1.3-3 86.00 NOTE
r-release-windows-x86_64 1.3-3 123.00 133.00 256.00 OK
r-oldrel-macos-arm64 1.3-3 73.00 NOTE
r-oldrel-macos-x86_64 1.3-3 90.00 NOTE
r-oldrel-windows-ix86+x86_64 1.3-3 253.00 134.00 387.00 OK

Check Details

Version: 1.3-3
Check: Rd cross-references
Result: NOTE
    Undeclared package ‘mirt’ in Rd xrefs
Flavor: r-devel-linux-x86_64-fedora-clang

Version: 1.3-3
Check: installed package size
Result: NOTE
     installed size is 5.0Mb
     sub-directories of 1Mb or more:
     libs 4.2Mb
Flavors: r-release-macos-arm64, r-release-macos-x86_64, r-oldrel-macos-arm64, r-oldrel-macos-x86_64